{"id":119,"date":"2025-06-12T18:45:49","date_gmt":"2025-06-12T18:45:49","guid":{"rendered":"https:\/\/relane.org.mx\/web25\/?page_id=119"},"modified":"2025-06-12T20:03:26","modified_gmt":"2025-06-12T20:03:26","slug":"dr-sergio-felipe-lopz-jimenez","status":"publish","type":"page","link":"https:\/\/relane.org.mx\/web25\/index.php\/dr-sergio-felipe-lopz-jimenez\/","title":{"rendered":"Dr. Sergio Felipe L\u00f3pz Jim\u00e9nez"},"content":{"rendered":"\t\t<div data-elementor-type=\"wp-page\" data-elementor-id=\"119\" class=\"elementor elementor-119\">\n\t\t\t\t<div class=\"elementor-element elementor-element-9b700fa e-flex e-con-boxed e-con e-parent\" data-id=\"9b700fa\" data-element_type=\"container\">\n\t\t\t\t\t<div class=\"e-con-inner\">\n\t\t\t\t<div class=\"elementor-element elementor-element-baeff4f elementor-widget elementor-widget-text-editor\" data-id=\"baeff4f\" data-element_type=\"widget\" data-widget_type=\"text-editor.default\">\n\t\t\t\t<div class=\"elementor-widget-container\">\n\t\t\t\t\t\t\t\t\t<h1>Dr. Sergio Felipe L\u00f3pez Jim\u00e9nez<\/h1>\t\t\t\t\t\t\t\t<\/div>\n\t\t\t\t<\/div>\n\t\t\t\t\t<\/div>\n\t\t\t\t<\/div>\n\t\t<div class=\"elementor-element elementor-element-cee7e8d e-flex e-con-boxed e-con e-parent\" data-id=\"cee7e8d\" data-element_type=\"container\">\n\t\t\t\t\t<div class=\"e-con-inner\">\n\t\t\t\t<div class=\"elementor-element elementor-element-e7ba72e elementor-widget elementor-widget-image\" data-id=\"e7ba72e\" data-element_type=\"widget\" data-widget_type=\"image.default\">\n\t\t\t\t<div class=\"elementor-widget-container\">\n\t\t\t\t\t\t\t\t\t\t\t\t\t\t\t<img fetchpriority=\"high\" decoding=\"async\" width=\"215\" height=\"234\" src=\"https:\/\/relane.org.mx\/web25\/wp-content\/uploads\/2025\/06\/SFLJ.jpg\" class=\"attachment-large size-large wp-image-88\" alt=\"\" \/>\t\t\t\t\t\t\t\t\t\t\t\t\t\t\t<\/div>\n\t\t\t\t<\/div>\n\t\t\t\t\t<\/div>\n\t\t\t\t<\/div>\n\t\t<div class=\"elementor-element elementor-element-1243000 e-flex e-con-boxed e-con e-parent\" data-id=\"1243000\" data-element_type=\"container\">\n\t\t\t\t\t<div class=\"e-con-inner\">\n\t\t\t\t<div class=\"elementor-element elementor-element-64d6e36 elementor-widget elementor-widget-text-editor\" data-id=\"64d6e36\" data-element_type=\"widget\" data-widget_type=\"text-editor.default\">\n\t\t\t\t<div class=\"elementor-widget-container\">\n\t\t\t\t\t\t\t\t\t<p>\u00a0<\/p><h2>\ud83c\udf93 Formaci\u00f3n y puesto actual<\/h2><ul><li><p>Es <strong>Doctor en Planeaci\u00f3n Estrat\u00e9gica y Direcci\u00f3n de Tecnolog\u00eda<\/strong> (equivalente al Dr. en Ciencias), con formaci\u00f3n previa como <strong>Licenciado en Inform\u00e1tica<\/strong> y <strong>Maestro en Ciencias Computacionales<\/strong>.<\/p><\/li><li><p>Se desempe\u00f1a como <strong>profesor-investigador de tiempo completo<\/strong> en la Facultad de Contabilidad y Administraci\u00f3n de la Universidad de Colima.<\/p><\/li><\/ul><h2>\ud83d\udd8b L\u00edneas de investigaci\u00f3n y publicaciones<\/h2><ul><li><p>Cuenta con al menos <strong>8 publicaciones<\/strong> indexadas en ResearchGate, que incluyen investigaci\u00f3n sobre:<\/p><ul><li><p>Gesti\u00f3n del cambio e innovaci\u00f3n en MIPYMEs.<\/p><\/li><li><p>Proyectos de emprendimiento aplicando <strong>Design Thinking<\/strong> en la licenciatura.<\/p><\/li><li><p>Problemas de tarjetas de cr\u00e9dito en M\u00e9xico desde enfoque de din\u00e1mica de sistemas.<\/p><\/li><li><p>Reformas fiscales y energ\u00e9ticas por parte de la RICEA.<\/p><\/li><\/ul><\/li><\/ul><h2>\ud83d\udc65 Actividad docente y de asesor\u00eda<\/h2><ul><li><p>Es profesor de la materia <strong>Desarrollo Emprendedor<\/strong>, participando activamente en tutor\u00edas para proyectos estudiantiles.<\/p><\/li><li><p>Acompa\u00f1\u00f3 y asesor\u00f3 a equipos en la <strong>XV Expo Nacional de Emprendedores ANFECA 2021<\/strong>, logrando que ganaran primer y segundo lugar con proyectos NutriSnack y Kal\u00e1n Natural Chips.<\/p><\/li><\/ul><h2>\ud83c\udf10 Vinculaci\u00f3n institucional<\/h2><ul><li><p>Es miembro del comit\u00e9 acad\u00e9mico de la <strong>Red Latinoamericana de Negocios (RELANE)<\/strong> .<\/p><\/li><li><p>Sus contribuciones incluyen publicaciones en la <strong>Revista Iberoamericana de Contadur\u00eda, Econom\u00eda y Administraci\u00f3n (RICEA)<\/strong>.<\/p><\/li><\/ul><h2>\u2705 Perfil sint\u00e9tico<\/h2><p>El Dr. L\u00f3pez Jim\u00e9nez es un acad\u00e9mico especializado en Innovaci\u00f3n, emprendimiento y estrategias financieras, con s\u00f3lida formaci\u00f3n tecnol\u00f3gica. Combina docencia en desarrollo emprendedor con investigaci\u00f3n aplicada y asesor\u00eda en proyectos de impacto estudiantil, demostrando compromiso en conectar la academia con el entorno profesional y empresarial.<\/p>\t\t\t\t\t\t\t\t<\/div>\n\t\t\t\t<\/div>\n\t\t\t\t\t<\/div>\n\t\t\t\t<\/div>\n\t\t<div class=\"elementor-element elementor-element-837bf0b e-flex e-con-boxed e-con e-parent\" data-id=\"837bf0b\" data-element_type=\"container\">\n\t\t\t\t\t<div class=\"e-con-inner\">\n\t\t\t\t\t<\/div>\n\t\t\t\t<\/div>\n\t\t\t\t<\/div>\n\t\t","protected":false},"excerpt":{"rendered":"<p>Dr. Sergio Felipe L\u00f3pez Jim\u00e9nez \u00a0 \ud83c\udf93 Formaci\u00f3n y puesto actual Es Doctor en Planeaci\u00f3n Estrat\u00e9gica y Direcci\u00f3n de Tecnolog\u00eda (equivalente al Dr. en Ciencias), con formaci\u00f3n previa como Licenciado en Inform\u00e1tica y Maestro en Ciencias Computacionales. Se desempe\u00f1a como profesor-investigador de tiempo completo en la Facultad de Contabilidad y Administraci\u00f3n de la Universidad de&hellip;&nbsp;<a href=\"https:\/\/relane.org.mx\/web25\/index.php\/dr-sergio-felipe-lopz-jimenez\/\" rel=\"bookmark\"><span class=\"screen-reader-text\">Dr. Sergio Felipe L\u00f3pz Jim\u00e9nez<\/span><\/a><\/p>\n","protected":false},"author":1,"featured_media":0,"parent":0,"menu_order":0,"comment_status":"closed","ping_status":"closed","template":"page-templates\/template-pagebuilder-full-width.php","meta":{"neve_meta_sidebar":"","neve_meta_container":"","neve_meta_enable_content_width":"","neve_meta_content_width":0,"neve_meta_title_alignment":"","neve_meta_author_avatar":"","neve_post_elements_order":"","neve_meta_disable_header":"","neve_meta_disable_footer":"","neve_meta_disable_title":"","footnotes":""},"class_list":["post-119","page","type-page","status-publish","hentry"],"yoast_head":"<!-- This site is optimized with the Yoast SEO plugin v24.7 - https:\/\/yoast.com\/wordpress\/plugins\/seo\/ -->\n<title>Dr. Sergio Felipe L\u00f3pz Jim\u00e9nez - RELANE 2025<\/title>\n<meta name=\"robots\" content=\"index, follow, max-snippet:-1, max-image-preview:large, max-video-preview:-1\" \/>\n<link rel=\"canonical\" href=\"https:\/\/relane.org.mx\/web25\/index.php\/dr-sergio-felipe-lopz-jimenez\/\" \/>\n<meta property=\"og:locale\" content=\"es_ES\" \/>\n<meta property=\"og:type\" content=\"article\" \/>\n<meta property=\"og:title\" content=\"Dr. Sergio Felipe L\u00f3pz Jim\u00e9nez - RELANE 2025\" \/>\n<meta property=\"og:description\" content=\"Dr. Sergio Felipe L\u00f3pez Jim\u00e9nez \u00a0 \ud83c\udf93 Formaci\u00f3n y puesto actual Es Doctor en Planeaci\u00f3n Estrat\u00e9gica y Direcci\u00f3n de Tecnolog\u00eda (equivalente al Dr. en Ciencias), con formaci\u00f3n previa como Licenciado en Inform\u00e1tica y Maestro en Ciencias Computacionales. Se desempe\u00f1a como profesor-investigador de tiempo completo en la Facultad de Contabilidad y Administraci\u00f3n de la Universidad de&hellip;&nbsp;Dr. Sergio Felipe L\u00f3pz Jim\u00e9nez\" \/>\n<meta property=\"og:url\" content=\"https:\/\/relane.org.mx\/web25\/index.php\/dr-sergio-felipe-lopz-jimenez\/\" \/>\n<meta property=\"og:site_name\" content=\"RELANE 2025\" \/>\n<meta property=\"article:modified_time\" content=\"2025-06-12T20:03:26+00:00\" \/>\n<meta property=\"og:image\" content=\"https:\/\/relane.org.mx\/web25\/wp-content\/uploads\/2025\/06\/SFLJ.jpg\" \/>\n\t<meta property=\"og:image:width\" content=\"215\" \/>\n\t<meta property=\"og:image:height\" content=\"234\" \/>\n\t<meta property=\"og:image:type\" content=\"image\/jpeg\" \/>\n<meta name=\"twitter:card\" content=\"summary_large_image\" \/>\n<meta name=\"twitter:label1\" content=\"Tiempo de lectura\" \/>\n\t<meta name=\"twitter:data1\" content=\"2 minutos\" \/>\n<script type=\"application\/ld+json\" class=\"yoast-schema-graph\">{\"@context\":\"https:\/\/schema.org\",\"@graph\":[{\"@type\":\"WebPage\",\"@id\":\"https:\/\/relane.org.mx\/web25\/index.php\/dr-sergio-felipe-lopz-jimenez\/\",\"url\":\"https:\/\/relane.org.mx\/web25\/index.php\/dr-sergio-felipe-lopz-jimenez\/\",\"name\":\"Dr. Sergio Felipe L\u00f3pz Jim\u00e9nez - RELANE 2025\",\"isPartOf\":{\"@id\":\"https:\/\/relane.org.mx\/web25\/#website\"},\"primaryImageOfPage\":{\"@id\":\"https:\/\/relane.org.mx\/web25\/index.php\/dr-sergio-felipe-lopz-jimenez\/#primaryimage\"},\"image\":{\"@id\":\"https:\/\/relane.org.mx\/web25\/index.php\/dr-sergio-felipe-lopz-jimenez\/#primaryimage\"},\"thumbnailUrl\":\"https:\/\/relane.org.mx\/web25\/wp-content\/uploads\/2025\/06\/SFLJ.jpg\",\"datePublished\":\"2025-06-12T18:45:49+00:00\",\"dateModified\":\"2025-06-12T20:03:26+00:00\",\"breadcrumb\":{\"@id\":\"https:\/\/relane.org.mx\/web25\/index.php\/dr-sergio-felipe-lopz-jimenez\/#breadcrumb\"},\"inLanguage\":\"es\",\"potentialAction\":[{\"@type\":\"ReadAction\",\"target\":[\"https:\/\/relane.org.mx\/web25\/index.php\/dr-sergio-felipe-lopz-jimenez\/\"]}]},{\"@type\":\"ImageObject\",\"inLanguage\":\"es\",\"@id\":\"https:\/\/relane.org.mx\/web25\/index.php\/dr-sergio-felipe-lopz-jimenez\/#primaryimage\",\"url\":\"https:\/\/relane.org.mx\/web25\/wp-content\/uploads\/2025\/06\/SFLJ.jpg\",\"contentUrl\":\"https:\/\/relane.org.mx\/web25\/wp-content\/uploads\/2025\/06\/SFLJ.jpg\",\"width\":215,\"height\":234},{\"@type\":\"BreadcrumbList\",\"@id\":\"https:\/\/relane.org.mx\/web25\/index.php\/dr-sergio-felipe-lopz-jimenez\/#breadcrumb\",\"itemListElement\":[{\"@type\":\"ListItem\",\"position\":1,\"name\":\"Portada\",\"item\":\"https:\/\/relane.org.mx\/web25\/\"},{\"@type\":\"ListItem\",\"position\":2,\"name\":\"Dr. Sergio Felipe L\u00f3pz Jim\u00e9nez\"}]},{\"@type\":\"WebSite\",\"@id\":\"https:\/\/relane.org.mx\/web25\/#website\",\"url\":\"https:\/\/relane.org.mx\/web25\/\",\"name\":\"RELANE 2025\",\"description\":\"\",\"potentialAction\":[{\"@type\":\"SearchAction\",\"target\":{\"@type\":\"EntryPoint\",\"urlTemplate\":\"https:\/\/relane.org.mx\/web25\/?s={search_term_string}\"},\"query-input\":{\"@type\":\"PropertyValueSpecification\",\"valueRequired\":true,\"valueName\":\"search_term_string\"}}],\"inLanguage\":\"es\"}]}<\/script>\n<!-- \/ Yoast SEO plugin. -->","yoast_head_json":{"title":"Dr. Sergio Felipe L\u00f3pz Jim\u00e9nez - RELANE 2025","robots":{"index":"index","follow":"follow","max-snippet":"max-snippet:-1","max-image-preview":"max-image-preview:large","max-video-preview":"max-video-preview:-1"},"canonical":"https:\/\/relane.org.mx\/web25\/index.php\/dr-sergio-felipe-lopz-jimenez\/","og_locale":"es_ES","og_type":"article","og_title":"Dr. Sergio Felipe L\u00f3pz Jim\u00e9nez - RELANE 2025","og_description":"Dr. Sergio Felipe L\u00f3pez Jim\u00e9nez \u00a0 \ud83c\udf93 Formaci\u00f3n y puesto actual Es Doctor en Planeaci\u00f3n Estrat\u00e9gica y Direcci\u00f3n de Tecnolog\u00eda (equivalente al Dr. en Ciencias), con formaci\u00f3n previa como Licenciado en Inform\u00e1tica y Maestro en Ciencias Computacionales. Se desempe\u00f1a como profesor-investigador de tiempo completo en la Facultad de Contabilidad y Administraci\u00f3n de la Universidad de&hellip;&nbsp;Dr. Sergio Felipe L\u00f3pz Jim\u00e9nez","og_url":"https:\/\/relane.org.mx\/web25\/index.php\/dr-sergio-felipe-lopz-jimenez\/","og_site_name":"RELANE 2025","article_modified_time":"2025-06-12T20:03:26+00:00","og_image":[{"width":215,"height":234,"url":"https:\/\/relane.org.mx\/web25\/wp-content\/uploads\/2025\/06\/SFLJ.jpg","type":"image\/jpeg"}],"twitter_card":"summary_large_image","twitter_misc":{"Tiempo de lectura":"2 minutos"},"schema":{"@context":"https:\/\/schema.org","@graph":[{"@type":"WebPage","@id":"https:\/\/relane.org.mx\/web25\/index.php\/dr-sergio-felipe-lopz-jimenez\/","url":"https:\/\/relane.org.mx\/web25\/index.php\/dr-sergio-felipe-lopz-jimenez\/","name":"Dr. Sergio Felipe L\u00f3pz Jim\u00e9nez - RELANE 2025","isPartOf":{"@id":"https:\/\/relane.org.mx\/web25\/#website"},"primaryImageOfPage":{"@id":"https:\/\/relane.org.mx\/web25\/index.php\/dr-sergio-felipe-lopz-jimenez\/#primaryimage"},"image":{"@id":"https:\/\/relane.org.mx\/web25\/index.php\/dr-sergio-felipe-lopz-jimenez\/#primaryimage"},"thumbnailUrl":"https:\/\/relane.org.mx\/web25\/wp-content\/uploads\/2025\/06\/SFLJ.jpg","datePublished":"2025-06-12T18:45:49+00:00","dateModified":"2025-06-12T20:03:26+00:00","breadcrumb":{"@id":"https:\/\/relane.org.mx\/web25\/index.php\/dr-sergio-felipe-lopz-jimenez\/#breadcrumb"},"inLanguage":"es","potentialAction":[{"@type":"ReadAction","target":["https:\/\/relane.org.mx\/web25\/index.php\/dr-sergio-felipe-lopz-jimenez\/"]}]},{"@type":"ImageObject","inLanguage":"es","@id":"https:\/\/relane.org.mx\/web25\/index.php\/dr-sergio-felipe-lopz-jimenez\/#primaryimage","url":"https:\/\/relane.org.mx\/web25\/wp-content\/uploads\/2025\/06\/SFLJ.jpg","contentUrl":"https:\/\/relane.org.mx\/web25\/wp-content\/uploads\/2025\/06\/SFLJ.jpg","width":215,"height":234},{"@type":"BreadcrumbList","@id":"https:\/\/relane.org.mx\/web25\/index.php\/dr-sergio-felipe-lopz-jimenez\/#breadcrumb","itemListElement":[{"@type":"ListItem","position":1,"name":"Portada","item":"https:\/\/relane.org.mx\/web25\/"},{"@type":"ListItem","position":2,"name":"Dr. Sergio Felipe L\u00f3pz Jim\u00e9nez"}]},{"@type":"WebSite","@id":"https:\/\/relane.org.mx\/web25\/#website","url":"https:\/\/relane.org.mx\/web25\/","name":"RELANE 2025","description":"","potentialAction":[{"@type":"SearchAction","target":{"@type":"EntryPoint","urlTemplate":"https:\/\/relane.org.mx\/web25\/?s={search_term_string}"},"query-input":{"@type":"PropertyValueSpecification","valueRequired":true,"valueName":"search_term_string"}}],"inLanguage":"es"}]}},"_links":{"self":[{"href":"https:\/\/relane.org.mx\/web25\/index.php\/wp-json\/wp\/v2\/pages\/119","targetHints":{"allow":["GET"]}}],"collection":[{"href":"https:\/\/relane.org.mx\/web25\/index.php\/wp-json\/wp\/v2\/pages"}],"about":[{"href":"https:\/\/relane.org.mx\/web25\/index.php\/wp-json\/wp\/v2\/types\/page"}],"author":[{"embeddable":true,"href":"https:\/\/relane.org.mx\/web25\/index.php\/wp-json\/wp\/v2\/users\/1"}],"replies":[{"embeddable":true,"href":"https:\/\/relane.org.mx\/web25\/index.php\/wp-json\/wp\/v2\/comments?post=119"}],"version-history":[{"count":15,"href":"https:\/\/relane.org.mx\/web25\/index.php\/wp-json\/wp\/v2\/pages\/119\/revisions"}],"predecessor-version":[{"id":182,"href":"https:\/\/relane.org.mx\/web25\/index.php\/wp-json\/wp\/v2\/pages\/119\/revisions\/182"}],"wp:attachment":[{"href":"https:\/\/relane.org.mx\/web25\/index.php\/wp-json\/wp\/v2\/media?parent=119"}],"curies":[{"name":"wp","href":"https:\/\/api.w.org\/{rel}","templated":true}]}}