{"id":269,"date":"2025-08-13T20:41:53","date_gmt":"2025-08-13T20:41:53","guid":{"rendered":"https:\/\/relane.org.mx\/web25\/?page_id=269"},"modified":"2025-10-22T17:43:55","modified_gmt":"2025-10-22T17:43:55","slug":"programa-cientifico-dia-2","status":"publish","type":"page","link":"https:\/\/relane.org.mx\/web25\/index.php\/programa-cientifico-dia-2\/","title":{"rendered":"Programa cient\u00edfico d\u00eda 2"},"content":{"rendered":"\t\t<div data-elementor-type=\"wp-page\" data-elementor-id=\"269\" class=\"elementor elementor-269\">\n\t\t\t\t<div class=\"elementor-element elementor-element-b668ce9 e-flex e-con-boxed e-con e-parent\" data-id=\"b668ce9\" data-element_type=\"container\">\n\t\t\t\t\t<div class=\"e-con-inner\">\n\t\t\t\t<div class=\"elementor-element elementor-element-99f3cbe elementor-widget elementor-widget-heading\" data-id=\"99f3cbe\" data-element_type=\"widget\" data-widget_type=\"heading.default\">\n\t\t\t\t<div class=\"elementor-widget-container\">\n\t\t\t\t\t<h2 class=\"elementor-heading-title elementor-size-default\">Mtro. H\u00e9ctor Osiris Venancio Pimentel<br><strong style=\"color: rgb(0, 0, 0); font-size: 16px; white-space-collapse: collapse;\">Conferencia Magistral Competitividad del Puerto de Manzanillo 21 de Octubre de 2025<\/strong><br><\/h2>\t\t\t\t<\/div>\n\t\t\t\t<\/div>\n\t\t\t\t<div class=\"elementor-element elementor-element-13e908c elementor-widget elementor-widget-image\" data-id=\"13e908c\" data-element_type=\"widget\" data-widget_type=\"image.default\">\n\t\t\t\t<div class=\"elementor-widget-container\">\n\t\t\t\t\t\t\t\t\t\t\t\t<figure class=\"wp-caption\">\n\t\t\t\t\t\t\t\t\t\t<img decoding=\"async\" width=\"164\" height=\"203\" src=\"https:\/\/relane.org.mx\/web25\/wp-content\/uploads\/2025\/08\/ponentetavo.png\" class=\"attachment-large size-large wp-image-270\" alt=\"\" \/>\t\t\t\t\t\t\t\t\t\t\t<figcaption class=\"widget-image-caption wp-caption-text\"><\/figcaption>\n\t\t\t\t\t\t\t\t\t\t<\/figure>\n\t\t\t\t\t\t\t\t\t<\/div>\n\t\t\t\t<\/div>\n\t\t\t\t<div class=\"elementor-element elementor-element-10bc162 elementor-widget elementor-widget-text-editor\" data-id=\"10bc162\" data-element_type=\"widget\" data-widget_type=\"text-editor.default\">\n\t\t\t\t<div class=\"elementor-widget-container\">\n\t\t\t\t\t\t\t\t\t<ul><li>\u00a0Director de la Comunidad Portuaria de Manzanillo (COPOMA).<\/li><li>\u00a0Fue mandatario Aduanal del Agente Aduanal Arturo Eleazar Villase\u00f1or Sanchez patente 3879.<\/li><li>\u00a0Fue Gerente General del punto de inspeccion Fito \/ Zoo sanitario de Grupo CIMA.<\/li><li>\u00a0Maestr\u00eda en Desarrollo Corporativo del Comercio Internacional por la Universidad de Colima.<\/li><li>\u00a0Cuenta con Licenciatura en Comercio Exterior por la Universidad de Colima.<\/li><li>\u00a0Cuenta con Estudios realizados en la Facultad de Ciencias Pol\u00edticas por la Universidad de Colima.<\/li><li>\u00a0Cuenta con estudios de Gerencia mercadol\u00f3gica por parte de la Universidad de la Fraternidad de Santo Tomas de Aquino en Argentina.<\/li><li>Cuenta con la certificaci\u00f3n de Competencia laboral en el est\u00e1ndar de Competencia<\/li><li>Representaci\u00f3n del Agente Aduanal en los actos y formalidades del despacho aduanero\u201d otorgado por EL Consejo Nacional de Normalizaci\u00f3n y Certificaci\u00f3n de Competencias Laborales.<\/li><li>\u00a0Conductor del programa en l\u00ednea multiplataforma Origen y Destino de la Comunidad Portuaria de Manzanillo<\/li><li>\u00a0Ponente en diversos foros nacionales y de Latinoam\u00e9rica enfocados a la creaci\u00f3n de Comunidades Portuarias.<\/li><li>\u00a0El Maestro H\u00e9ctor Osiris Venancio Pimentel es un destacado profesional en el \u00e1mbito portuario y acad\u00e9mico de Manzanillo, Colima. Actualmente, se desempe\u00f1a como Director General de la Comunidad Portuaria de Manzanillo (COPOMA), donde lidera iniciativas clave para fortalecer la vinculaci\u00f3n entre el sector el empresarial, autoridades y los tres niveles de gobierno, especialmente en el contexto del puerto m\u00e1s importante del Pac\u00edfico.\u00a0<\/li><li>El Maestro H\u00e9ctor Osiris Venancio Pimentel es un l\u00edder comprometido con el desarrollo del puerto de Manzanillo y la formaci\u00f3n integral de los estudiantes, contribuyendo significativamente al fortalecimiento de la relaci\u00f3n entre la academia y el sector productivo.<\/li><li>En su rol en COPOMA, Venancio Pimentel ha sido un impulsor activo de eventos como ferias de empleo y pr\u00e1cticas profesionales, orientadas a facilitar la inserci\u00f3n de estudiantes universitarios en el entorno laboral del puerto. Estas actividades buscan ofrecer a los futuros egresados oportunidades para aplicar sus conocimientos en un entorno real y contribuir al desarrollo integral del puerto de Manzanillo.<\/li><li>\u00a0Adem\u00e1s, ha participado en foros especializados, como el Congreso Nacional ANIERM 2023, donde abord\u00f3 temas relacionados con la eficiencia log\u00edstica y el nearshoring, destacando la importancia del transporte multimodal para mejorar la competitividad del comercio internacional.<\/li><li>\u00a0Su compromiso con la sostenibilidad tambi\u00e9n se refleja en su participaci\u00f3n en actividades como la jornada de sensibilizaci\u00f3n ambiental organizada en el marco del D\u00eda Mundial del Medio Ambiente, donde colabor\u00f3 con la Universidad de Colima, ASIPONA Manzanillo y otras instituciones para promover la conciencia ecol\u00f3gica en la comunidad portuaria.<\/li><\/ul>\t\t\t\t\t\t\t\t<\/div>\n\t\t\t\t<\/div>\n\t\t\t\t\t<\/div>\n\t\t\t\t<\/div>\n\t\t<div class=\"elementor-element elementor-element-eeaac9e e-flex e-con-boxed e-con e-parent\" data-id=\"eeaac9e\" data-element_type=\"container\">\n\t\t\t\t\t<div class=\"e-con-inner\">\n\t\t\t\t<div class=\"elementor-element elementor-element-db1fd70 elementor-widget elementor-widget-text-editor\" data-id=\"db1fd70\" data-element_type=\"widget\" data-widget_type=\"text-editor.default\">\n\t\t\t\t<div class=\"elementor-widget-container\">\n\t\t\t\t\t\t\t\t\t<p><strong>PROGRAMA\u00a0 <\/strong>Martes 22 de Octubre\u00a0\u00a0\u00a0\u00a0\u00a0\u00a0\u00a0\u00a0\u00a0\u00a0\u00a0\u00a0\u00a0\u00a0 Moderador: M.F. Luis Octavio R\u00edos Silva<\/p><p><strong>11:00am\u00a0\u00a0\u00a0\u00a0\u00a0\u00a0\u00a0 Conferencia Magistral<\/strong>\u00a0\u00a0\u00a0 \u201cCompetitividad y diferenciaci\u00f3n\u00a0 del Puerto de Manzanillo\u201d. M.D.C.C.I. H\u00e9ctor Osiris Venancio Pimentel.\u00a0\u00a0\u00a0\u00a0\u00a0\u00a0\u00a0\u00a0\u00a0\u00a0\u00a0\u00a0\u00a0\u00a0\u00a0<\/p><table width=\"975\"><tbody><tr><td width=\"71\"><p>Hora<\/p><\/td><td width=\"335\"><p>Ponencia<\/p><\/td><td width=\"268\"><p>Ponentes<\/p><\/td><td width=\"301\"><p>Universidad<\/p><\/td><\/tr><tr><td width=\"71\"><p>12:00 &#8211; 12:20<\/p><\/td><td width=\"335\"><p>Fiabilidad del instrumento (prueba piloto) para evaluar la percepci\u00f3n del uso de Bitcoin en microempresarios del municipio de Colima, M\u00e9xico.<\/p><\/td><td width=\"268\"><p>Pablo Cisneros Garc\u00eda<\/p><p>V\u00edctor Hugo Valdez Barreto<\/p><\/td><td width=\"301\"><p>Universidad Multi\u00e9tnica profesional Universidad Multi\u00e9tnica profesional<\/p><\/td><\/tr><tr><td width=\"71\"><p>12:20 \u2013 12:40<\/p><\/td><td width=\"335\"><p>El\u00a0E-Commerce como\u00a0herramienta para la internacionalizaci\u00f3n empresarial<\/p><\/td><td width=\"268\"><p>\u00a0<\/p><p>Luis Alberto S\u00e1nchez Garc\u00eda<\/p><p>\u00a0<\/p><\/td><td width=\"301\"><p>\u00a0<\/p><p>Corporaci\u00f3n Universitaria Minuto de Dios<\/p><p>\u00a0<\/p><\/td><\/tr><tr><td width=\"71\"><p>12:40 &#8211; 13:00<\/p><\/td><td width=\"335\"><p>Planificaci\u00f3n econ\u00f3mica y modelo de negocio integral en la presentaci\u00f3n de servicios nutricionales para empresas industriales<\/p><\/td><td width=\"268\"><p>John Jairo Enrique Gary Suarez<\/p><p>\u00a0<\/p><p>\u00a0<\/p><\/td><td width=\"301\"><p>Universidad de Barranquilla<\/p><\/td><\/tr><tr><td width=\"71\"><p>13:00 &#8211; 13:20<\/p><\/td><td width=\"335\"><p>Fortalecimiento de la excelencia operacional en PYMES mexicanas: un modelo basado en gesti\u00f3n del cambio y mejora continua.<\/p><\/td><td width=\"268\"><p>\u00a0<\/p><p>Arturo Torres Guti\u00e9rrez<\/p><\/td><td width=\"301\"><p>UNIR<\/p><\/td><\/tr><tr><td width=\"71\"><p>13:20 \u2013 13:40<\/p><\/td><td width=\"335\"><p>Barreras culturales y organizacionales que impiden la adopci\u00f3n de estrategias de innovaci\u00f3n en las empresas tradicionales mexicanas<\/p><\/td><td width=\"268\"><p>Dulce Esperanza Corona Estrada<\/p><p>Luis Fernando Landazury-Villalba<\/p><p>Ronald Enrique Rodr\u00edguez Gaviria<\/p><p>Natalia Andrea Zu\u00f1iga Payares<\/p><\/td><td width=\"301\"><p>Universidad de Guadalajara<\/p><p>Universitaria de Barranquilla<\/p><p>Universidad Sim\u00f3n Bol\u00edvar<\/p><p>Universitaria Colombo Internacional<\/p><\/td><\/tr><tr><td width=\"71\"><p>13:40 &#8211; 14:00<\/p><\/td><td width=\"335\"><p>An\u00e1lisis de la acreditaci\u00f3n institucional para el fortalecimiento del proceso de internacionalizaci\u00f3n de la Instituci\u00f3n Universitaria de Barranquilla.<\/p><\/td><td width=\"268\"><p>Angie Margarita Ascanio Hoyos<\/p><p>Miriam Elizabeth Fuentes Gonz\u00e1lez<\/p><\/td><td width=\"301\"><p>Instituci\u00f3n Universitaria de Barranquilla<\/p><\/td><\/tr><tr><td width=\"71\"><p>14:00-14:20<\/p><\/td><td width=\"335\"><p>Discrepancia fiscal en personas f\u00edsicas: por evasi\u00f3n fiscal o por carencia de una cultura tributaria<\/p><\/td><td width=\"268\"><p>Jessica Lizbeth Cisneros Mart\u00ednez<\/p><\/td><td width=\"301\"><p>Universidad Aut\u00f3noma de Baja California<\/p><\/td><\/tr><tr><td width=\"71\"><p>14:20-14:40<\/p><\/td><td width=\"335\"><p>Dise\u00f1o de metodolog\u00eda para elegir el modelo de gesti\u00f3n de proyecto 123 ya! Para el acompa\u00f1amiento y formaci\u00f3n de docentes.<\/p><\/td><td width=\"268\"><p>Silvia Patricia Villatoro Canahui<\/p><p>Juan Alfredo Lino Gami\u00f1o<\/p><\/td><td width=\"301\"><p>Universidad de investigaci\u00f3n e innovaci\u00f3n de M\u00e9xico<\/p><\/td><\/tr><tr><td width=\"71\"><p>14:40-15:00<\/p><\/td><td width=\"335\"><p>Propuesta de estrategias para la internacionalizaci\u00f3n de corporaciones universitarias de Barranquilla<\/p><\/td><td width=\"268\"><p>Vanessa Mar\u00eda Barraza Jim\u00e9nez<\/p><\/td><td width=\"301\"><p>Instituci\u00f3n Universitaria de Barranquilla<\/p><\/td><\/tr><tr><td width=\"71\"><p>15:00-15:20<\/p><\/td><td width=\"335\"><p>Movilidad acad\u00e9mica y empleabilidad global: efectos de una estancia en China en estudiantes mexicanos de Negocios Internacionales.<\/p><\/td><td width=\"268\"><p>Cristina Hern\u00e1ndez \u00c1lvarez<\/p><p>S\u00f3sima Carrillo<\/p><p>Zulema C\u00f3rdova Ruiz<\/p><p>Jessica Lisbeth Cisneros Mart\u00ednez<\/p><\/td><td width=\"301\"><p>Universidad Aut\u00f3noma de Baja California<\/p><\/td><\/tr><tr><td width=\"71\"><p>15:20-15:40<\/p><\/td><td width=\"335\"><p>El precio de ser mujer: Desmantelando el \u201cimpuesto rosa\u201d en M\u00e9xico.<\/p><\/td><td width=\"268\"><p>Norma Elena Mendoza Zaragoza<\/p><p>Luis Octavio R\u00edos Silva<\/p><\/td><td width=\"301\"><p>Universidad de Colima<\/p><\/td><\/tr><\/tbody><\/table>\t\t\t\t\t\t\t\t<\/div>\n\t\t\t\t<\/div>\n\t\t\t\t\t<\/div>\n\t\t\t\t<\/div>\n\t\t\t\t<\/div>\n\t\t","protected":false},"excerpt":{"rendered":"<p>Mtro. H\u00e9ctor Osiris Venancio PimentelConferencia Magistral Competitividad del Puerto de Manzanillo 21 de Octubre de 2025 \u00a0Director de la Comunidad Portuaria de Manzanillo (COPOMA). \u00a0Fue mandatario Aduanal del Agente Aduanal Arturo Eleazar Villase\u00f1or Sanchez patente 3879. \u00a0Fue Gerente General del punto de inspeccion Fito \/ Zoo sanitario de Grupo CIMA. \u00a0Maestr\u00eda en Desarrollo Corporativo del&hellip;&nbsp;<a href=\"https:\/\/relane.org.mx\/web25\/index.php\/programa-cientifico-dia-2\/\" rel=\"bookmark\"><span class=\"screen-reader-text\">Programa cient\u00edfico d\u00eda 2<\/span><\/a><\/p>\n","protected":false},"author":1,"featured_media":0,"parent":0,"menu_order":0,"comment_status":"closed","ping_status":"closed","template":"","meta":{"neve_meta_sidebar":"","neve_meta_container":"","neve_meta_enable_content_width":"","neve_meta_content_width":0,"neve_meta_title_alignment":"","neve_meta_author_avatar":"","neve_post_elements_order":"","neve_meta_disable_header":"","neve_meta_disable_footer":"","neve_meta_disable_title":"","footnotes":""},"class_list":["post-269","page","type-page","status-publish","hentry"],"yoast_head":"<!-- This site is optimized with the Yoast SEO plugin v24.7 - https:\/\/yoast.com\/wordpress\/plugins\/seo\/ -->\n<title>Programa cient\u00edfico d\u00eda 2 - RELANE 2025<\/title>\n<meta name=\"robots\" content=\"index, follow, max-snippet:-1, max-image-preview:large, max-video-preview:-1\" \/>\n<link rel=\"canonical\" href=\"https:\/\/relane.org.mx\/web25\/index.php\/programa-cientifico-dia-2\/\" \/>\n<meta property=\"og:locale\" content=\"es_ES\" \/>\n<meta property=\"og:type\" content=\"article\" \/>\n<meta property=\"og:title\" content=\"Programa cient\u00edfico d\u00eda 2 - RELANE 2025\" \/>\n<meta property=\"og:description\" content=\"Mtro. H\u00e9ctor Osiris Venancio PimentelConferencia Magistral Competitividad del Puerto de Manzanillo 21 de Octubre de 2025 \u00a0Director de la Comunidad Portuaria de Manzanillo (COPOMA). \u00a0Fue mandatario Aduanal del Agente Aduanal Arturo Eleazar Villase\u00f1or Sanchez patente 3879. \u00a0Fue Gerente General del punto de inspeccion Fito \/ Zoo sanitario de Grupo CIMA. \u00a0Maestr\u00eda en Desarrollo Corporativo del&hellip;&nbsp;Programa cient\u00edfico d\u00eda 2\" \/>\n<meta property=\"og:url\" content=\"https:\/\/relane.org.mx\/web25\/index.php\/programa-cientifico-dia-2\/\" \/>\n<meta property=\"og:site_name\" content=\"RELANE 2025\" \/>\n<meta property=\"article:modified_time\" content=\"2025-10-22T17:43:55+00:00\" \/>\n<meta property=\"og:image\" content=\"https:\/\/relane.org.mx\/web25\/wp-content\/uploads\/2025\/08\/ponentetavo.png\" \/>\n\t<meta property=\"og:image:width\" content=\"164\" \/>\n\t<meta property=\"og:image:height\" content=\"203\" \/>\n\t<meta property=\"og:image:type\" content=\"image\/png\" \/>\n<meta name=\"twitter:card\" content=\"summary_large_image\" \/>\n<meta name=\"twitter:label1\" content=\"Tiempo de lectura\" \/>\n\t<meta name=\"twitter:data1\" content=\"4 minutos\" \/>\n<script type=\"application\/ld+json\" class=\"yoast-schema-graph\">{\"@context\":\"https:\/\/schema.org\",\"@graph\":[{\"@type\":\"WebPage\",\"@id\":\"https:\/\/relane.org.mx\/web25\/index.php\/programa-cientifico-dia-2\/\",\"url\":\"https:\/\/relane.org.mx\/web25\/index.php\/programa-cientifico-dia-2\/\",\"name\":\"Programa cient\u00edfico d\u00eda 2 - RELANE 2025\",\"isPartOf\":{\"@id\":\"https:\/\/relane.org.mx\/web25\/#website\"},\"primaryImageOfPage\":{\"@id\":\"https:\/\/relane.org.mx\/web25\/index.php\/programa-cientifico-dia-2\/#primaryimage\"},\"image\":{\"@id\":\"https:\/\/relane.org.mx\/web25\/index.php\/programa-cientifico-dia-2\/#primaryimage\"},\"thumbnailUrl\":\"https:\/\/relane.org.mx\/web25\/wp-content\/uploads\/2025\/08\/ponentetavo.png\",\"datePublished\":\"2025-08-13T20:41:53+00:00\",\"dateModified\":\"2025-10-22T17:43:55+00:00\",\"breadcrumb\":{\"@id\":\"https:\/\/relane.org.mx\/web25\/index.php\/programa-cientifico-dia-2\/#breadcrumb\"},\"inLanguage\":\"es\",\"potentialAction\":[{\"@type\":\"ReadAction\",\"target\":[\"https:\/\/relane.org.mx\/web25\/index.php\/programa-cientifico-dia-2\/\"]}]},{\"@type\":\"ImageObject\",\"inLanguage\":\"es\",\"@id\":\"https:\/\/relane.org.mx\/web25\/index.php\/programa-cientifico-dia-2\/#primaryimage\",\"url\":\"https:\/\/relane.org.mx\/web25\/wp-content\/uploads\/2025\/08\/ponentetavo.png\",\"contentUrl\":\"https:\/\/relane.org.mx\/web25\/wp-content\/uploads\/2025\/08\/ponentetavo.png\",\"width\":164,\"height\":203},{\"@type\":\"BreadcrumbList\",\"@id\":\"https:\/\/relane.org.mx\/web25\/index.php\/programa-cientifico-dia-2\/#breadcrumb\",\"itemListElement\":[{\"@type\":\"ListItem\",\"position\":1,\"name\":\"Portada\",\"item\":\"https:\/\/relane.org.mx\/web25\/\"},{\"@type\":\"ListItem\",\"position\":2,\"name\":\"Programa cient\u00edfico d\u00eda 2\"}]},{\"@type\":\"WebSite\",\"@id\":\"https:\/\/relane.org.mx\/web25\/#website\",\"url\":\"https:\/\/relane.org.mx\/web25\/\",\"name\":\"RELANE 2025\",\"description\":\"\",\"potentialAction\":[{\"@type\":\"SearchAction\",\"target\":{\"@type\":\"EntryPoint\",\"urlTemplate\":\"https:\/\/relane.org.mx\/web25\/?s={search_term_string}\"},\"query-input\":{\"@type\":\"PropertyValueSpecification\",\"valueRequired\":true,\"valueName\":\"search_term_string\"}}],\"inLanguage\":\"es\"}]}<\/script>\n<!-- \/ Yoast SEO plugin. -->","yoast_head_json":{"title":"Programa cient\u00edfico d\u00eda 2 - RELANE 2025","robots":{"index":"index","follow":"follow","max-snippet":"max-snippet:-1","max-image-preview":"max-image-preview:large","max-video-preview":"max-video-preview:-1"},"canonical":"https:\/\/relane.org.mx\/web25\/index.php\/programa-cientifico-dia-2\/","og_locale":"es_ES","og_type":"article","og_title":"Programa cient\u00edfico d\u00eda 2 - RELANE 2025","og_description":"Mtro. H\u00e9ctor Osiris Venancio PimentelConferencia Magistral Competitividad del Puerto de Manzanillo 21 de Octubre de 2025 \u00a0Director de la Comunidad Portuaria de Manzanillo (COPOMA). \u00a0Fue mandatario Aduanal del Agente Aduanal Arturo Eleazar Villase\u00f1or Sanchez patente 3879. \u00a0Fue Gerente General del punto de inspeccion Fito \/ Zoo sanitario de Grupo CIMA. \u00a0Maestr\u00eda en Desarrollo Corporativo del&hellip;&nbsp;Programa cient\u00edfico d\u00eda 2","og_url":"https:\/\/relane.org.mx\/web25\/index.php\/programa-cientifico-dia-2\/","og_site_name":"RELANE 2025","article_modified_time":"2025-10-22T17:43:55+00:00","og_image":[{"width":164,"height":203,"url":"https:\/\/relane.org.mx\/web25\/wp-content\/uploads\/2025\/08\/ponentetavo.png","type":"image\/png"}],"twitter_card":"summary_large_image","twitter_misc":{"Tiempo de lectura":"4 minutos"},"schema":{"@context":"https:\/\/schema.org","@graph":[{"@type":"WebPage","@id":"https:\/\/relane.org.mx\/web25\/index.php\/programa-cientifico-dia-2\/","url":"https:\/\/relane.org.mx\/web25\/index.php\/programa-cientifico-dia-2\/","name":"Programa cient\u00edfico d\u00eda 2 - RELANE 2025","isPartOf":{"@id":"https:\/\/relane.org.mx\/web25\/#website"},"primaryImageOfPage":{"@id":"https:\/\/relane.org.mx\/web25\/index.php\/programa-cientifico-dia-2\/#primaryimage"},"image":{"@id":"https:\/\/relane.org.mx\/web25\/index.php\/programa-cientifico-dia-2\/#primaryimage"},"thumbnailUrl":"https:\/\/relane.org.mx\/web25\/wp-content\/uploads\/2025\/08\/ponentetavo.png","datePublished":"2025-08-13T20:41:53+00:00","dateModified":"2025-10-22T17:43:55+00:00","breadcrumb":{"@id":"https:\/\/relane.org.mx\/web25\/index.php\/programa-cientifico-dia-2\/#breadcrumb"},"inLanguage":"es","potentialAction":[{"@type":"ReadAction","target":["https:\/\/relane.org.mx\/web25\/index.php\/programa-cientifico-dia-2\/"]}]},{"@type":"ImageObject","inLanguage":"es","@id":"https:\/\/relane.org.mx\/web25\/index.php\/programa-cientifico-dia-2\/#primaryimage","url":"https:\/\/relane.org.mx\/web25\/wp-content\/uploads\/2025\/08\/ponentetavo.png","contentUrl":"https:\/\/relane.org.mx\/web25\/wp-content\/uploads\/2025\/08\/ponentetavo.png","width":164,"height":203},{"@type":"BreadcrumbList","@id":"https:\/\/relane.org.mx\/web25\/index.php\/programa-cientifico-dia-2\/#breadcrumb","itemListElement":[{"@type":"ListItem","position":1,"name":"Portada","item":"https:\/\/relane.org.mx\/web25\/"},{"@type":"ListItem","position":2,"name":"Programa cient\u00edfico d\u00eda 2"}]},{"@type":"WebSite","@id":"https:\/\/relane.org.mx\/web25\/#website","url":"https:\/\/relane.org.mx\/web25\/","name":"RELANE 2025","description":"","potentialAction":[{"@type":"SearchAction","target":{"@type":"EntryPoint","urlTemplate":"https:\/\/relane.org.mx\/web25\/?s={search_term_string}"},"query-input":{"@type":"PropertyValueSpecification","valueRequired":true,"valueName":"search_term_string"}}],"inLanguage":"es"}]}},"_links":{"self":[{"href":"https:\/\/relane.org.mx\/web25\/index.php\/wp-json\/wp\/v2\/pages\/269","targetHints":{"allow":["GET"]}}],"collection":[{"href":"https:\/\/relane.org.mx\/web25\/index.php\/wp-json\/wp\/v2\/pages"}],"about":[{"href":"https:\/\/relane.org.mx\/web25\/index.php\/wp-json\/wp\/v2\/types\/page"}],"author":[{"embeddable":true,"href":"https:\/\/relane.org.mx\/web25\/index.php\/wp-json\/wp\/v2\/users\/1"}],"replies":[{"embeddable":true,"href":"https:\/\/relane.org.mx\/web25\/index.php\/wp-json\/wp\/v2\/comments?post=269"}],"version-history":[{"count":18,"href":"https:\/\/relane.org.mx\/web25\/index.php\/wp-json\/wp\/v2\/pages\/269\/revisions"}],"predecessor-version":[{"id":407,"href":"https:\/\/relane.org.mx\/web25\/index.php\/wp-json\/wp\/v2\/pages\/269\/revisions\/407"}],"wp:attachment":[{"href":"https:\/\/relane.org.mx\/web25\/index.php\/wp-json\/wp\/v2\/media?parent=269"}],"curies":[{"name":"wp","href":"https:\/\/api.w.org\/{rel}","templated":true}]}}