{"id":331,"date":"2025-09-01T18:53:43","date_gmt":"2025-09-01T18:53:43","guid":{"rendered":"https:\/\/relane.org.mx\/web25\/?page_id=331"},"modified":"2025-09-01T18:56:44","modified_gmt":"2025-09-01T18:56:44","slug":"maria-sanchez-losoya","status":"publish","type":"page","link":"https:\/\/relane.org.mx\/web25\/index.php\/maria-sanchez-losoya\/","title":{"rendered":"Mar\u00eda S\u00e1nchez-Losoya"},"content":{"rendered":"\t\t<div data-elementor-type=\"wp-page\" data-elementor-id=\"331\" class=\"elementor elementor-331\">\n\t\t\t\t<div class=\"elementor-element elementor-element-19977db e-flex e-con-boxed e-con e-parent\" data-id=\"19977db\" data-element_type=\"container\">\n\t\t\t\t\t<div class=\"e-con-inner\">\n\t\t\t\t<div class=\"elementor-element elementor-element-4abc32a elementor-widget elementor-widget-heading\" data-id=\"4abc32a\" data-element_type=\"widget\" data-widget_type=\"heading.default\">\n\t\t\t\t<div class=\"elementor-widget-container\">\n\t\t\t\t\t<h2 class=\"elementor-heading-title elementor-size-default\">Dra. Mar\u00eda S\u00e1nchez-Losoya<\/h2>\t\t\t\t<\/div>\n\t\t\t\t<\/div>\n\t\t\t\t\t<\/div>\n\t\t\t\t<\/div>\n\t\t<div class=\"elementor-element elementor-element-1acd1c4 e-flex e-con-boxed e-con e-parent\" data-id=\"1acd1c4\" data-element_type=\"container\">\n\t\t\t\t\t<div class=\"e-con-inner\">\n\t\t\t\t<div class=\"elementor-element elementor-element-4b03854 elementor-widget elementor-widget-image\" data-id=\"4b03854\" data-element_type=\"widget\" data-widget_type=\"image.default\">\n\t\t\t\t<div class=\"elementor-widget-container\">\n\t\t\t\t\t\t\t\t\t\t\t\t\t\t\t<img decoding=\"async\" src=\"https:\/\/relane.org.mx\/web25\/wp-content\/uploads\/elementor\/thumbs\/marysanchez-rb4nl0nw3ubl6nusr0ataidno8a8esbw3ooxvot93w.jpg\" title=\"marysanchez\" alt=\"marysanchez\" loading=\"lazy\" \/>\t\t\t\t\t\t\t\t\t\t\t\t\t\t\t<\/div>\n\t\t\t\t<\/div>\n\t\t\t\t<div class=\"elementor-element elementor-element-fe68135 elementor-widget elementor-widget-text-editor\" data-id=\"fe68135\" data-element_type=\"widget\" data-widget_type=\"text-editor.default\">\n\t\t\t\t<div class=\"elementor-widget-container\">\n\t\t\t\t\t\t\t\t\t<p data-start=\"218\" data-end=\"621\">Mar\u00eda S\u00e1nchez-Losoya es acad\u00e9mica del <strong data-start=\"256\" data-end=\"291\">Instituto Tecnol\u00f3gico de Colima<\/strong>, adscrita al Departamento de Ciencias Econ\u00f3mico-Administrativas desde 1994. Posee el grado de <strong data-start=\"386\" data-end=\"454\">Doctorado en Ciencias Administrativas y Negocios Internacionales<\/strong> por la Universidad Multit\u00e9cnica Profesional, adem\u00e1s de una <strong data-start=\"514\" data-end=\"544\">Maestr\u00eda en Alta Direcci\u00f3n<\/strong><\/p>\n<p data-start=\"623\" data-end=\"953\">Con m\u00e1s de tres d\u00e9cadas de servicio docente, en 2022 recibi\u00f3 la <strong data-start=\"687\" data-end=\"723\">Medalla \u201cMaestro Rafael Ram\u00edrez\u201d<\/strong> por 30 a\u00f1os de servicio, as\u00ed como un <strong data-start=\"761\" data-end=\"827\">reconocimiento del Sistema Anticorrupci\u00f3n del Estado de Colima<\/strong> por su participaci\u00f3n en el Consejo Consultivo para la Pol\u00edtica Estatal Anticorrupci\u00f3n<\/p>\n<hr data-start=\"955\" data-end=\"958\">\n<h2 data-start=\"960\" data-end=\"987\">Publicaciones Destacadas<\/h2>\n<ul data-start=\"989\" data-end=\"2385\">\n<li data-start=\"989\" data-end=\"1371\">\n<p data-start=\"991\" data-end=\"1371\"><strong data-start=\"991\" data-end=\"1011\">Art\u00edculo (2025):<\/strong> <em data-start=\"1012\" data-end=\"1142\">El estereotipo de g\u00e9nero asociado a los roles de poder y trabajo de la mujer en el ejercicio de la Contadur\u00eda P\u00fablica en MIPYMES<\/em> (Revista <em data-start=\"1152\" data-end=\"1169\">Commercium Plus<\/em>, indexada en Google Acad\u00e9mico y LATINDEX). En este estudio se analizaron percepciones de mujeres contadoras en Colima sobre los estereotipos de g\u00e9nero en MIPYMES<\/p>\n<\/li>\n<li data-start=\"1373\" data-end=\"1677\">\n<p data-start=\"1375\" data-end=\"1677\"><strong data-start=\"1375\" data-end=\"1395\">Art\u00edculo (2024):<\/strong> <em data-start=\"1396\" data-end=\"1520\">Determinaci\u00f3n de precios de venta para servicios log\u00edsticos integrados en el Puerto de Manzanillo en 2023, estudio de caso<\/em> (Revista <em data-start=\"1530\" data-end=\"1547\">Commercium Plus<\/em>). Investigaci\u00f3n aplicada sobre la evoluci\u00f3n y tendencias en log\u00edstica portuaria en M\u00e9xico<\/p>\n<\/li>\n<li data-start=\"1679\" data-end=\"1960\">\n<p data-start=\"1681\" data-end=\"1960\"><strong data-start=\"1681\" data-end=\"1701\">Art\u00edculo (2023):<\/strong> <em data-start=\"1702\" data-end=\"1793\">Dise\u00f1o de mejora del proceso de captaci\u00f3n de Ingresos propios para el TECNM campus Colima<\/em> (Revista del Coloquio de Investigaci\u00f3n Multidisciplinaria Journal CIM). Trabajo orientado a la innovaci\u00f3n en gesti\u00f3n educativa<\/p>\n<\/li>\n<li data-start=\"1962\" data-end=\"2174\">\n<p data-start=\"1964\" data-end=\"2174\"><strong data-start=\"1964\" data-end=\"1993\">Cap\u00edtulo de libro (2023):<\/strong> <em data-start=\"1994\" data-end=\"2051\">Hidrocarburos y Lean Service: \u00bfUna alianza beneficiosa?<\/em> en <em data-start=\"2055\" data-end=\"2109\">Perspectivas multidisciplinares en ciencias sociales<\/em> (ISBN 978-607-59581-5-6)<\/p>\n<\/li>\n<li data-start=\"2176\" data-end=\"2385\">\n<p data-start=\"2178\" data-end=\"2385\"><strong data-start=\"2178\" data-end=\"2207\">Cap\u00edtulo de libro (2023):<\/strong> <em data-start=\"2208\" data-end=\"2277\">Estudio comparativo de la previsi\u00f3n social de 1970 y 2021 en M\u00e9xico<\/em> (coautor\u00eda con especialistas en derecho laboral y seguridad social)<\/p>\n<\/li>\n<\/ul>\n<hr data-start=\"2387\" data-end=\"2390\">\n<h2 data-start=\"2392\" data-end=\"2412\">Logros Destacados<\/h2>\n<ul data-start=\"2414\" data-end=\"3001\">\n<li data-start=\"2414\" data-end=\"2520\">\n<p data-start=\"2416\" data-end=\"2520\"><strong data-start=\"2416\" data-end=\"2457\">Trayectoria docente de m\u00e1s de 30 a\u00f1os<\/strong> en el Tecnol\u00f3gico Nacional de M\u00e9xico (TecNM), campus Colima.<\/p>\n<\/li>\n<li data-start=\"2521\" data-end=\"2590\">\n<p data-start=\"2523\" data-end=\"2590\"><strong data-start=\"2523\" data-end=\"2547\">Premio y distinci\u00f3n:<\/strong> Medalla \u201cMaestro Rafael Ram\u00edrez\u201d (2022).<\/p>\n<\/li>\n<li data-start=\"2591\" data-end=\"2695\">\n<p data-start=\"2593\" data-end=\"2695\"><strong data-start=\"2593\" data-end=\"2631\">Participaci\u00f3n en pol\u00edtica p\u00fablica:<\/strong> Contribuci\u00f3n en la Pol\u00edtica Estatal Anticorrupci\u00f3n de Colima.<\/p>\n<\/li>\n<li data-start=\"2696\" data-end=\"2883\">\n<p data-start=\"2698\" data-end=\"2883\"><strong data-start=\"2698\" data-end=\"2732\">Producci\u00f3n acad\u00e9mica constante<\/strong>, con art\u00edculos en revistas indexadas y cap\u00edtulos de libros en temas de administraci\u00f3n, g\u00e9nero, log\u00edstica, innovaci\u00f3n educativa y pol\u00edticas sociales.<\/p>\n<\/li>\n<li data-start=\"2884\" data-end=\"3001\">\n<p data-start=\"2886\" data-end=\"3001\"><strong data-start=\"2886\" data-end=\"2911\">Compromiso formativo:<\/strong> Direcci\u00f3n de tesis y formaci\u00f3n de capital humano en ciencias econ\u00f3mico-administrativas.<\/p><\/li><\/ul><p><br><\/p>\t\t\t\t\t\t\t\t<\/div>\n\t\t\t\t<\/div>\n\t\t\t\t\t<\/div>\n\t\t\t\t<\/div>\n\t\t\t\t<\/div>\n\t\t","protected":false},"excerpt":{"rendered":"<p>Dra. Mar\u00eda S\u00e1nchez-Losoya Mar\u00eda S\u00e1nchez-Losoya es acad\u00e9mica del Instituto Tecnol\u00f3gico de Colima, adscrita al Departamento de Ciencias Econ\u00f3mico-Administrativas desde 1994. Posee el grado de Doctorado en Ciencias Administrativas y Negocios Internacionales por la Universidad Multit\u00e9cnica Profesional, adem\u00e1s de una Maestr\u00eda en Alta Direcci\u00f3n Con m\u00e1s de tres d\u00e9cadas de servicio docente, en 2022 recibi\u00f3 la&hellip;&nbsp;<a href=\"https:\/\/relane.org.mx\/web25\/index.php\/maria-sanchez-losoya\/\" rel=\"bookmark\"><span class=\"screen-reader-text\">Mar\u00eda S\u00e1nchez-Losoya<\/span><\/a><\/p>\n","protected":false},"author":1,"featured_media":0,"parent":0,"menu_order":0,"comment_status":"closed","ping_status":"closed","template":"","meta":{"neve_meta_sidebar":"","neve_meta_container":"","neve_meta_enable_content_width":"","neve_meta_content_width":0,"neve_meta_title_alignment":"","neve_meta_author_avatar":"","neve_post_elements_order":"","neve_meta_disable_header":"","neve_meta_disable_footer":"","neve_meta_disable_title":"","footnotes":""},"class_list":["post-331","page","type-page","status-publish","hentry"],"yoast_head":"<!-- This site is optimized with the Yoast SEO plugin v24.7 - https:\/\/yoast.com\/wordpress\/plugins\/seo\/ -->\n<title>Mar\u00eda S\u00e1nchez-Losoya - RELANE 2025<\/title>\n<meta name=\"robots\" content=\"index, follow, max-snippet:-1, max-image-preview:large, max-video-preview:-1\" \/>\n<link rel=\"canonical\" href=\"https:\/\/relane.org.mx\/web25\/index.php\/maria-sanchez-losoya\/\" \/>\n<meta property=\"og:locale\" content=\"es_ES\" \/>\n<meta property=\"og:type\" content=\"article\" \/>\n<meta property=\"og:title\" content=\"Mar\u00eda S\u00e1nchez-Losoya - RELANE 2025\" \/>\n<meta property=\"og:description\" content=\"Dra. Mar\u00eda S\u00e1nchez-Losoya Mar\u00eda S\u00e1nchez-Losoya es acad\u00e9mica del Instituto Tecnol\u00f3gico de Colima, adscrita al Departamento de Ciencias Econ\u00f3mico-Administrativas desde 1994. Posee el grado de Doctorado en Ciencias Administrativas y Negocios Internacionales por la Universidad Multit\u00e9cnica Profesional, adem\u00e1s de una Maestr\u00eda en Alta Direcci\u00f3n Con m\u00e1s de tres d\u00e9cadas de servicio docente, en 2022 recibi\u00f3 la&hellip;&nbsp;Mar\u00eda S\u00e1nchez-Losoya\" \/>\n<meta property=\"og:url\" content=\"https:\/\/relane.org.mx\/web25\/index.php\/maria-sanchez-losoya\/\" \/>\n<meta property=\"og:site_name\" content=\"RELANE 2025\" \/>\n<meta property=\"article:modified_time\" content=\"2025-09-01T18:56:44+00:00\" \/>\n<meta property=\"og:image\" content=\"https:\/\/relane.org.mx\/web25\/wp-content\/uploads\/elementor\/thumbs\/marysanchez-rb4nl0nw3ubl6nusr0ataidno8a8esbw3ooxvot93w.jpg\" \/>\n<meta name=\"twitter:card\" content=\"summary_large_image\" \/>\n<meta name=\"twitter:label1\" content=\"Tiempo de lectura\" \/>\n\t<meta name=\"twitter:data1\" content=\"2 minutos\" \/>\n<script type=\"application\/ld+json\" class=\"yoast-schema-graph\">{\"@context\":\"https:\/\/schema.org\",\"@graph\":[{\"@type\":\"WebPage\",\"@id\":\"https:\/\/relane.org.mx\/web25\/index.php\/maria-sanchez-losoya\/\",\"url\":\"https:\/\/relane.org.mx\/web25\/index.php\/maria-sanchez-losoya\/\",\"name\":\"Mar\u00eda S\u00e1nchez-Losoya - RELANE 2025\",\"isPartOf\":{\"@id\":\"https:\/\/relane.org.mx\/web25\/#website\"},\"primaryImageOfPage\":{\"@id\":\"https:\/\/relane.org.mx\/web25\/index.php\/maria-sanchez-losoya\/#primaryimage\"},\"image\":{\"@id\":\"https:\/\/relane.org.mx\/web25\/index.php\/maria-sanchez-losoya\/#primaryimage\"},\"thumbnailUrl\":\"https:\/\/relane.org.mx\/web25\/wp-content\/uploads\/elementor\/thumbs\/marysanchez-rb4nl0nw3ubl6nusr0ataidno8a8esbw3ooxvot93w.jpg\",\"datePublished\":\"2025-09-01T18:53:43+00:00\",\"dateModified\":\"2025-09-01T18:56:44+00:00\",\"breadcrumb\":{\"@id\":\"https:\/\/relane.org.mx\/web25\/index.php\/maria-sanchez-losoya\/#breadcrumb\"},\"inLanguage\":\"es\",\"potentialAction\":[{\"@type\":\"ReadAction\",\"target\":[\"https:\/\/relane.org.mx\/web25\/index.php\/maria-sanchez-losoya\/\"]}]},{\"@type\":\"ImageObject\",\"inLanguage\":\"es\",\"@id\":\"https:\/\/relane.org.mx\/web25\/index.php\/maria-sanchez-losoya\/#primaryimage\",\"url\":\"https:\/\/relane.org.mx\/web25\/wp-content\/uploads\/elementor\/thumbs\/marysanchez-rb4nl0nw3ubl6nusr0ataidno8a8esbw3ooxvot93w.jpg\",\"contentUrl\":\"https:\/\/relane.org.mx\/web25\/wp-content\/uploads\/elementor\/thumbs\/marysanchez-rb4nl0nw3ubl6nusr0ataidno8a8esbw3ooxvot93w.jpg\"},{\"@type\":\"BreadcrumbList\",\"@id\":\"https:\/\/relane.org.mx\/web25\/index.php\/maria-sanchez-losoya\/#breadcrumb\",\"itemListElement\":[{\"@type\":\"ListItem\",\"position\":1,\"name\":\"Portada\",\"item\":\"https:\/\/relane.org.mx\/web25\/\"},{\"@type\":\"ListItem\",\"position\":2,\"name\":\"Mar\u00eda S\u00e1nchez-Losoya\"}]},{\"@type\":\"WebSite\",\"@id\":\"https:\/\/relane.org.mx\/web25\/#website\",\"url\":\"https:\/\/relane.org.mx\/web25\/\",\"name\":\"RELANE 2025\",\"description\":\"\",\"potentialAction\":[{\"@type\":\"SearchAction\",\"target\":{\"@type\":\"EntryPoint\",\"urlTemplate\":\"https:\/\/relane.org.mx\/web25\/?s={search_term_string}\"},\"query-input\":{\"@type\":\"PropertyValueSpecification\",\"valueRequired\":true,\"valueName\":\"search_term_string\"}}],\"inLanguage\":\"es\"}]}<\/script>\n<!-- \/ Yoast SEO plugin. -->","yoast_head_json":{"title":"Mar\u00eda S\u00e1nchez-Losoya - RELANE 2025","robots":{"index":"index","follow":"follow","max-snippet":"max-snippet:-1","max-image-preview":"max-image-preview:large","max-video-preview":"max-video-preview:-1"},"canonical":"https:\/\/relane.org.mx\/web25\/index.php\/maria-sanchez-losoya\/","og_locale":"es_ES","og_type":"article","og_title":"Mar\u00eda S\u00e1nchez-Losoya - RELANE 2025","og_description":"Dra. Mar\u00eda S\u00e1nchez-Losoya Mar\u00eda S\u00e1nchez-Losoya es acad\u00e9mica del Instituto Tecnol\u00f3gico de Colima, adscrita al Departamento de Ciencias Econ\u00f3mico-Administrativas desde 1994. Posee el grado de Doctorado en Ciencias Administrativas y Negocios Internacionales por la Universidad Multit\u00e9cnica Profesional, adem\u00e1s de una Maestr\u00eda en Alta Direcci\u00f3n Con m\u00e1s de tres d\u00e9cadas de servicio docente, en 2022 recibi\u00f3 la&hellip;&nbsp;Mar\u00eda S\u00e1nchez-Losoya","og_url":"https:\/\/relane.org.mx\/web25\/index.php\/maria-sanchez-losoya\/","og_site_name":"RELANE 2025","article_modified_time":"2025-09-01T18:56:44+00:00","og_image":[{"url":"https:\/\/relane.org.mx\/web25\/wp-content\/uploads\/elementor\/thumbs\/marysanchez-rb4nl0nw3ubl6nusr0ataidno8a8esbw3ooxvot93w.jpg","type":"","width":"","height":""}],"twitter_card":"summary_large_image","twitter_misc":{"Tiempo de lectura":"2 minutos"},"schema":{"@context":"https:\/\/schema.org","@graph":[{"@type":"WebPage","@id":"https:\/\/relane.org.mx\/web25\/index.php\/maria-sanchez-losoya\/","url":"https:\/\/relane.org.mx\/web25\/index.php\/maria-sanchez-losoya\/","name":"Mar\u00eda S\u00e1nchez-Losoya - RELANE 2025","isPartOf":{"@id":"https:\/\/relane.org.mx\/web25\/#website"},"primaryImageOfPage":{"@id":"https:\/\/relane.org.mx\/web25\/index.php\/maria-sanchez-losoya\/#primaryimage"},"image":{"@id":"https:\/\/relane.org.mx\/web25\/index.php\/maria-sanchez-losoya\/#primaryimage"},"thumbnailUrl":"https:\/\/relane.org.mx\/web25\/wp-content\/uploads\/elementor\/thumbs\/marysanchez-rb4nl0nw3ubl6nusr0ataidno8a8esbw3ooxvot93w.jpg","datePublished":"2025-09-01T18:53:43+00:00","dateModified":"2025-09-01T18:56:44+00:00","breadcrumb":{"@id":"https:\/\/relane.org.mx\/web25\/index.php\/maria-sanchez-losoya\/#breadcrumb"},"inLanguage":"es","potentialAction":[{"@type":"ReadAction","target":["https:\/\/relane.org.mx\/web25\/index.php\/maria-sanchez-losoya\/"]}]},{"@type":"ImageObject","inLanguage":"es","@id":"https:\/\/relane.org.mx\/web25\/index.php\/maria-sanchez-losoya\/#primaryimage","url":"https:\/\/relane.org.mx\/web25\/wp-content\/uploads\/elementor\/thumbs\/marysanchez-rb4nl0nw3ubl6nusr0ataidno8a8esbw3ooxvot93w.jpg","contentUrl":"https:\/\/relane.org.mx\/web25\/wp-content\/uploads\/elementor\/thumbs\/marysanchez-rb4nl0nw3ubl6nusr0ataidno8a8esbw3ooxvot93w.jpg"},{"@type":"BreadcrumbList","@id":"https:\/\/relane.org.mx\/web25\/index.php\/maria-sanchez-losoya\/#breadcrumb","itemListElement":[{"@type":"ListItem","position":1,"name":"Portada","item":"https:\/\/relane.org.mx\/web25\/"},{"@type":"ListItem","position":2,"name":"Mar\u00eda S\u00e1nchez-Losoya"}]},{"@type":"WebSite","@id":"https:\/\/relane.org.mx\/web25\/#website","url":"https:\/\/relane.org.mx\/web25\/","name":"RELANE 2025","description":"","potentialAction":[{"@type":"SearchAction","target":{"@type":"EntryPoint","urlTemplate":"https:\/\/relane.org.mx\/web25\/?s={search_term_string}"},"query-input":{"@type":"PropertyValueSpecification","valueRequired":true,"valueName":"search_term_string"}}],"inLanguage":"es"}]}},"_links":{"self":[{"href":"https:\/\/relane.org.mx\/web25\/index.php\/wp-json\/wp\/v2\/pages\/331","targetHints":{"allow":["GET"]}}],"collection":[{"href":"https:\/\/relane.org.mx\/web25\/index.php\/wp-json\/wp\/v2\/pages"}],"about":[{"href":"https:\/\/relane.org.mx\/web25\/index.php\/wp-json\/wp\/v2\/types\/page"}],"author":[{"embeddable":true,"href":"https:\/\/relane.org.mx\/web25\/index.php\/wp-json\/wp\/v2\/users\/1"}],"replies":[{"embeddable":true,"href":"https:\/\/relane.org.mx\/web25\/index.php\/wp-json\/wp\/v2\/comments?post=331"}],"version-history":[{"count":6,"href":"https:\/\/relane.org.mx\/web25\/index.php\/wp-json\/wp\/v2\/pages\/331\/revisions"}],"predecessor-version":[{"id":339,"href":"https:\/\/relane.org.mx\/web25\/index.php\/wp-json\/wp\/v2\/pages\/331\/revisions\/339"}],"wp:attachment":[{"href":"https:\/\/relane.org.mx\/web25\/index.php\/wp-json\/wp\/v2\/media?parent=331"}],"curies":[{"name":"wp","href":"https:\/\/api.w.org\/{rel}","templated":true}]}}