{"id":341,"date":"2025-09-01T19:01:35","date_gmt":"2025-09-01T19:01:35","guid":{"rendered":"https:\/\/relane.org.mx\/web25\/?page_id=341"},"modified":"2025-09-01T19:04:40","modified_gmt":"2025-09-01T19:04:40","slug":"dr-oscar-bernardo-reyes-real","status":"publish","type":"page","link":"https:\/\/relane.org.mx\/web25\/index.php\/dr-oscar-bernardo-reyes-real\/","title":{"rendered":"Dr. Oscar Bernardo Reyes Real"},"content":{"rendered":"\t\t<div data-elementor-type=\"wp-page\" data-elementor-id=\"341\" class=\"elementor elementor-341\">\n\t\t\t\t<div class=\"elementor-element elementor-element-db58065 e-flex e-con-boxed e-con e-parent\" data-id=\"db58065\" data-element_type=\"container\">\n\t\t\t\t\t<div class=\"e-con-inner\">\n\t\t\t\t<div class=\"elementor-element elementor-element-786375a elementor-widget elementor-widget-heading\" data-id=\"786375a\" data-element_type=\"widget\" data-widget_type=\"heading.default\">\n\t\t\t\t<div class=\"elementor-widget-container\">\n\t\t\t\t\t<h2 class=\"elementor-heading-title elementor-size-default\">Dr. Oscar Bernardo Reyes Real<\/h2>\t\t\t\t<\/div>\n\t\t\t\t<\/div>\n\t\t\t\t<div class=\"elementor-element elementor-element-292ecdb elementor-widget elementor-widget-image\" data-id=\"292ecdb\" data-element_type=\"widget\" data-widget_type=\"image.default\">\n\t\t\t\t<div class=\"elementor-widget-container\">\n\t\t\t\t\t\t\t\t\t\t\t\t\t\t\t<img decoding=\"async\" width=\"150\" height=\"150\" src=\"https:\/\/relane.org.mx\/web25\/wp-content\/uploads\/2025\/09\/reyes-242x300-1-150x150.png\" class=\"attachment-thumbnail size-thumbnail wp-image-342\" alt=\"\" \/>\t\t\t\t\t\t\t\t\t\t\t\t\t\t\t<\/div>\n\t\t\t\t<\/div>\n\t\t\t\t\t<\/div>\n\t\t\t\t<\/div>\n\t\t<div class=\"elementor-element elementor-element-b2c0a9d e-flex e-con-boxed e-con e-parent\" data-id=\"b2c0a9d\" data-element_type=\"container\">\n\t\t\t\t\t<div class=\"e-con-inner\">\n\t\t\t\t<div class=\"elementor-element elementor-element-d377060 elementor-widget elementor-widget-text-editor\" data-id=\"d377060\" data-element_type=\"widget\" data-widget_type=\"text-editor.default\">\n\t\t\t\t<div class=\"elementor-widget-container\">\n\t\t\t\t\t\t\t\t\t<p data-start=\"272\" data-end=\"895\">El <strong data-start=\"275\" data-end=\"308\">Dr. \u00d3scar Bernardo Reyes Real<\/strong> es <strong data-start=\"312\" data-end=\"420\">Profesor-Investigador de Tiempo Completo de la Facultad de Comercio Exterior de la Universidad de Colima<\/strong>, instituci\u00f3n en la que se ha consolidado como un referente en los campos del <strong data-start=\"498\" data-end=\"561\">derecho aduanero, la fiscalidad y el comercio internacional<\/strong>. Su formaci\u00f3n acad\u00e9mica combina la licenciatura en <strong data-start=\"613\" data-end=\"624\">Derecho<\/strong>, la maestr\u00eda en <strong data-start=\"641\" data-end=\"651\">Fiscal<\/strong> por la UNIVA, y actualmente cursa el <strong data-start=\"689\" data-end=\"756\">Doctorado en Estudios Fiscales en la Universidad de Guadalajara<\/strong>, lo que refleja un perfil s\u00f3lido y especializado en la intersecci\u00f3n entre lo jur\u00eddico, lo fiscal y las operaciones de comercio exterior.<\/p><p data-start=\"897\" data-end=\"1406\">Dentro de sus aportaciones m\u00e1s notables destaca la publicaci\u00f3n del <strong data-start=\"964\" data-end=\"994\">Manual de Derecho Aduanero<\/strong> (Oxford University Press, 2013), obra pionera en M\u00e9xico, dise\u00f1ada como material de consulta tanto para estudiantes como para profesionistas en formaci\u00f3n en el \u00e1rea de aduanas y comercio internacional. Este manual, basado en programas acad\u00e9micos de universidades de prestigio como la UNAM y el IPN, se ha convertido en un recurso esencial para la ense\u00f1anza y la comprensi\u00f3n de los procesos aduaneros en M\u00e9xico.<\/p><p data-start=\"1408\" data-end=\"2007\">En el \u00e1mbito de la <strong data-start=\"1427\" data-end=\"1453\">investigaci\u00f3n aplicada<\/strong>, el Dr. Reyes Real ha participado como autor y coautor de diversos art\u00edculos y ponencias que han sido presentados en <strong data-start=\"1571\" data-end=\"1616\">conferencias nacionales e internacionales<\/strong>, abordando temas vinculados a la <strong data-start=\"1650\" data-end=\"1780\">log\u00edstica portuaria, los procedimientos aduaneros, la facilitaci\u00f3n del comercio y las fuentes de financiamiento para las PYMES<\/strong>. Parte de estos trabajos han sido difundidos en revistas y memorias de congresos de reconocido alcance, como el <em data-start=\"1893\" data-end=\"1948\">Global Conference on Business and Finance Proceedings<\/em> y el <em data-start=\"1954\" data-end=\"2004\">International Review of Business Research Papers<\/em>.<\/p><p data-start=\"2009\" data-end=\"2508\">Su presencia acad\u00e9mica ha trascendido el aula, participando como <strong data-start=\"2074\" data-end=\"2100\">conferencista invitado<\/strong> en seminarios, webinars y coloquios sobre la relaci\u00f3n entre las <strong data-start=\"2165\" data-end=\"2252\">elecciones en Estados Unidos y el impacto en los negocios internacionales en M\u00e9xico<\/strong>, as\u00ed como en temas relacionados con el derecho fiscal y los procesos de integraci\u00f3n comercial. Estas intervenciones lo han posicionado como un analista cr\u00edtico de los cambios regulatorios y econ\u00f3micos que inciden en el comercio exterior de nuestro pa\u00eds.<\/p><p data-start=\"2510\" data-end=\"3155\">En cuanto a la <strong data-start=\"2525\" data-end=\"2557\">vida acad\u00e9mica universitaria<\/strong>, ha desempe\u00f1ado un papel activo en la <strong data-start=\"2596\" data-end=\"2669\">formaci\u00f3n integral de estudiantes de la Facultad de Comercio Exterior<\/strong>, tanto en docencia como en tutor\u00edas. Su acompa\u00f1amiento en procesos acad\u00e9micos y de investigaci\u00f3n ha permitido que numerosos alumnos logren vincular sus proyectos con problem\u00e1ticas reales del sector log\u00edstico y aduanero. Asimismo, ha representado a la Universidad de Colima en foros de gran relevancia en <strong data-start=\"2974\" data-end=\"3065\">Orlando (Florida), San Jos\u00e9 (Costa Rica), Guadalajara (Jalisco) y Canc\u00fan (Quintana Roo)<\/strong>, consolidando redes de colaboraci\u00f3n acad\u00e9mica con especialistas de otras instituciones.<\/p><p>\n\n\n\n\n<\/p><p data-start=\"3157\" data-end=\"3731\">El Dr. \u00d3scar Bernardo Reyes Real combina una s\u00f3lida preparaci\u00f3n acad\u00e9mica con una marcada vocaci\u00f3n de servicio a la sociedad a trav\u00e9s de la investigaci\u00f3n aplicada, la publicaci\u00f3n de obras de gran impacto y la formaci\u00f3n de profesionales con competencias globales. Su labor lo convierte en un <strong data-start=\"3448\" data-end=\"3569\">actor clave para el desarrollo acad\u00e9mico y profesional en las \u00e1reas de comercio exterior y derecho aduanero en M\u00e9xico<\/strong>, al mismo tiempo que contribuye activamente a posicionar a la <strong data-start=\"3632\" data-end=\"3657\">Universidad de Colima<\/strong> como un referente en la ense\u00f1anza e investigaci\u00f3n de estas disciplinas.<\/p>\t\t\t\t\t\t\t\t<\/div>\n\t\t\t\t<\/div>\n\t\t\t\t\t<\/div>\n\t\t\t\t<\/div>\n\t\t\t\t<\/div>\n\t\t","protected":false},"excerpt":{"rendered":"<p>Dr. Oscar Bernardo Reyes Real El Dr. \u00d3scar Bernardo Reyes Real es Profesor-Investigador de Tiempo Completo de la Facultad de Comercio Exterior de la Universidad de Colima, instituci\u00f3n en la que se ha consolidado como un referente en los campos del derecho aduanero, la fiscalidad y el comercio internacional. Su formaci\u00f3n acad\u00e9mica combina la licenciatura&hellip;&nbsp;<a href=\"https:\/\/relane.org.mx\/web25\/index.php\/dr-oscar-bernardo-reyes-real\/\" rel=\"bookmark\"><span class=\"screen-reader-text\">Dr. Oscar Bernardo Reyes Real<\/span><\/a><\/p>\n","protected":false},"author":1,"featured_media":0,"parent":0,"menu_order":0,"comment_status":"closed","ping_status":"closed","template":"page-templates\/template-pagebuilder-full-width.php","meta":{"neve_meta_sidebar":"","neve_meta_container":"","neve_meta_enable_content_width":"","neve_meta_content_width":0,"neve_meta_title_alignment":"","neve_meta_author_avatar":"","neve_post_elements_order":"","neve_meta_disable_header":"","neve_meta_disable_footer":"","neve_meta_disable_title":"","footnotes":""},"class_list":["post-341","page","type-page","status-publish","hentry"],"yoast_head":"<!-- This site is optimized with the Yoast SEO plugin v24.7 - https:\/\/yoast.com\/wordpress\/plugins\/seo\/ -->\n<title>Dr. Oscar Bernardo Reyes Real - RELANE 2025<\/title>\n<meta name=\"robots\" content=\"index, follow, max-snippet:-1, max-image-preview:large, max-video-preview:-1\" \/>\n<link rel=\"canonical\" href=\"https:\/\/relane.org.mx\/web25\/index.php\/dr-oscar-bernardo-reyes-real\/\" \/>\n<meta property=\"og:locale\" content=\"es_ES\" \/>\n<meta property=\"og:type\" content=\"article\" \/>\n<meta property=\"og:title\" content=\"Dr. Oscar Bernardo Reyes Real - RELANE 2025\" \/>\n<meta property=\"og:description\" content=\"Dr. Oscar Bernardo Reyes Real El Dr. \u00d3scar Bernardo Reyes Real es Profesor-Investigador de Tiempo Completo de la Facultad de Comercio Exterior de la Universidad de Colima, instituci\u00f3n en la que se ha consolidado como un referente en los campos del derecho aduanero, la fiscalidad y el comercio internacional. Su formaci\u00f3n acad\u00e9mica combina la licenciatura&hellip;&nbsp;Dr. Oscar Bernardo Reyes Real\" \/>\n<meta property=\"og:url\" content=\"https:\/\/relane.org.mx\/web25\/index.php\/dr-oscar-bernardo-reyes-real\/\" \/>\n<meta property=\"og:site_name\" content=\"RELANE 2025\" \/>\n<meta property=\"article:modified_time\" content=\"2025-09-01T19:04:40+00:00\" \/>\n<meta property=\"og:image\" content=\"https:\/\/relane.org.mx\/web25\/wp-content\/uploads\/2025\/09\/reyes-242x300-1.png\" \/>\n\t<meta property=\"og:image:width\" content=\"242\" \/>\n\t<meta property=\"og:image:height\" content=\"300\" \/>\n\t<meta property=\"og:image:type\" content=\"image\/png\" \/>\n<meta name=\"twitter:card\" content=\"summary_large_image\" \/>\n<meta name=\"twitter:label1\" content=\"Tiempo de lectura\" \/>\n\t<meta name=\"twitter:data1\" content=\"3 minutos\" \/>\n<script type=\"application\/ld+json\" class=\"yoast-schema-graph\">{\"@context\":\"https:\/\/schema.org\",\"@graph\":[{\"@type\":\"WebPage\",\"@id\":\"https:\/\/relane.org.mx\/web25\/index.php\/dr-oscar-bernardo-reyes-real\/\",\"url\":\"https:\/\/relane.org.mx\/web25\/index.php\/dr-oscar-bernardo-reyes-real\/\",\"name\":\"Dr. Oscar Bernardo Reyes Real - RELANE 2025\",\"isPartOf\":{\"@id\":\"https:\/\/relane.org.mx\/web25\/#website\"},\"primaryImageOfPage\":{\"@id\":\"https:\/\/relane.org.mx\/web25\/index.php\/dr-oscar-bernardo-reyes-real\/#primaryimage\"},\"image\":{\"@id\":\"https:\/\/relane.org.mx\/web25\/index.php\/dr-oscar-bernardo-reyes-real\/#primaryimage\"},\"thumbnailUrl\":\"https:\/\/relane.org.mx\/web25\/wp-content\/uploads\/2025\/09\/reyes-242x300-1-150x150.png\",\"datePublished\":\"2025-09-01T19:01:35+00:00\",\"dateModified\":\"2025-09-01T19:04:40+00:00\",\"breadcrumb\":{\"@id\":\"https:\/\/relane.org.mx\/web25\/index.php\/dr-oscar-bernardo-reyes-real\/#breadcrumb\"},\"inLanguage\":\"es\",\"potentialAction\":[{\"@type\":\"ReadAction\",\"target\":[\"https:\/\/relane.org.mx\/web25\/index.php\/dr-oscar-bernardo-reyes-real\/\"]}]},{\"@type\":\"ImageObject\",\"inLanguage\":\"es\",\"@id\":\"https:\/\/relane.org.mx\/web25\/index.php\/dr-oscar-bernardo-reyes-real\/#primaryimage\",\"url\":\"https:\/\/relane.org.mx\/web25\/wp-content\/uploads\/2025\/09\/reyes-242x300-1.png\",\"contentUrl\":\"https:\/\/relane.org.mx\/web25\/wp-content\/uploads\/2025\/09\/reyes-242x300-1.png\",\"width\":242,\"height\":300},{\"@type\":\"BreadcrumbList\",\"@id\":\"https:\/\/relane.org.mx\/web25\/index.php\/dr-oscar-bernardo-reyes-real\/#breadcrumb\",\"itemListElement\":[{\"@type\":\"ListItem\",\"position\":1,\"name\":\"Portada\",\"item\":\"https:\/\/relane.org.mx\/web25\/\"},{\"@type\":\"ListItem\",\"position\":2,\"name\":\"Dr. Oscar Bernardo Reyes Real\"}]},{\"@type\":\"WebSite\",\"@id\":\"https:\/\/relane.org.mx\/web25\/#website\",\"url\":\"https:\/\/relane.org.mx\/web25\/\",\"name\":\"RELANE 2025\",\"description\":\"\",\"potentialAction\":[{\"@type\":\"SearchAction\",\"target\":{\"@type\":\"EntryPoint\",\"urlTemplate\":\"https:\/\/relane.org.mx\/web25\/?s={search_term_string}\"},\"query-input\":{\"@type\":\"PropertyValueSpecification\",\"valueRequired\":true,\"valueName\":\"search_term_string\"}}],\"inLanguage\":\"es\"}]}<\/script>\n<!-- \/ Yoast SEO plugin. -->","yoast_head_json":{"title":"Dr. Oscar Bernardo Reyes Real - RELANE 2025","robots":{"index":"index","follow":"follow","max-snippet":"max-snippet:-1","max-image-preview":"max-image-preview:large","max-video-preview":"max-video-preview:-1"},"canonical":"https:\/\/relane.org.mx\/web25\/index.php\/dr-oscar-bernardo-reyes-real\/","og_locale":"es_ES","og_type":"article","og_title":"Dr. Oscar Bernardo Reyes Real - RELANE 2025","og_description":"Dr. Oscar Bernardo Reyes Real El Dr. \u00d3scar Bernardo Reyes Real es Profesor-Investigador de Tiempo Completo de la Facultad de Comercio Exterior de la Universidad de Colima, instituci\u00f3n en la que se ha consolidado como un referente en los campos del derecho aduanero, la fiscalidad y el comercio internacional. Su formaci\u00f3n acad\u00e9mica combina la licenciatura&hellip;&nbsp;Dr. Oscar Bernardo Reyes Real","og_url":"https:\/\/relane.org.mx\/web25\/index.php\/dr-oscar-bernardo-reyes-real\/","og_site_name":"RELANE 2025","article_modified_time":"2025-09-01T19:04:40+00:00","og_image":[{"width":242,"height":300,"url":"https:\/\/relane.org.mx\/web25\/wp-content\/uploads\/2025\/09\/reyes-242x300-1.png","type":"image\/png"}],"twitter_card":"summary_large_image","twitter_misc":{"Tiempo de lectura":"3 minutos"},"schema":{"@context":"https:\/\/schema.org","@graph":[{"@type":"WebPage","@id":"https:\/\/relane.org.mx\/web25\/index.php\/dr-oscar-bernardo-reyes-real\/","url":"https:\/\/relane.org.mx\/web25\/index.php\/dr-oscar-bernardo-reyes-real\/","name":"Dr. Oscar Bernardo Reyes Real - RELANE 2025","isPartOf":{"@id":"https:\/\/relane.org.mx\/web25\/#website"},"primaryImageOfPage":{"@id":"https:\/\/relane.org.mx\/web25\/index.php\/dr-oscar-bernardo-reyes-real\/#primaryimage"},"image":{"@id":"https:\/\/relane.org.mx\/web25\/index.php\/dr-oscar-bernardo-reyes-real\/#primaryimage"},"thumbnailUrl":"https:\/\/relane.org.mx\/web25\/wp-content\/uploads\/2025\/09\/reyes-242x300-1-150x150.png","datePublished":"2025-09-01T19:01:35+00:00","dateModified":"2025-09-01T19:04:40+00:00","breadcrumb":{"@id":"https:\/\/relane.org.mx\/web25\/index.php\/dr-oscar-bernardo-reyes-real\/#breadcrumb"},"inLanguage":"es","potentialAction":[{"@type":"ReadAction","target":["https:\/\/relane.org.mx\/web25\/index.php\/dr-oscar-bernardo-reyes-real\/"]}]},{"@type":"ImageObject","inLanguage":"es","@id":"https:\/\/relane.org.mx\/web25\/index.php\/dr-oscar-bernardo-reyes-real\/#primaryimage","url":"https:\/\/relane.org.mx\/web25\/wp-content\/uploads\/2025\/09\/reyes-242x300-1.png","contentUrl":"https:\/\/relane.org.mx\/web25\/wp-content\/uploads\/2025\/09\/reyes-242x300-1.png","width":242,"height":300},{"@type":"BreadcrumbList","@id":"https:\/\/relane.org.mx\/web25\/index.php\/dr-oscar-bernardo-reyes-real\/#breadcrumb","itemListElement":[{"@type":"ListItem","position":1,"name":"Portada","item":"https:\/\/relane.org.mx\/web25\/"},{"@type":"ListItem","position":2,"name":"Dr. Oscar Bernardo Reyes Real"}]},{"@type":"WebSite","@id":"https:\/\/relane.org.mx\/web25\/#website","url":"https:\/\/relane.org.mx\/web25\/","name":"RELANE 2025","description":"","potentialAction":[{"@type":"SearchAction","target":{"@type":"EntryPoint","urlTemplate":"https:\/\/relane.org.mx\/web25\/?s={search_term_string}"},"query-input":{"@type":"PropertyValueSpecification","valueRequired":true,"valueName":"search_term_string"}}],"inLanguage":"es"}]}},"_links":{"self":[{"href":"https:\/\/relane.org.mx\/web25\/index.php\/wp-json\/wp\/v2\/pages\/341","targetHints":{"allow":["GET"]}}],"collection":[{"href":"https:\/\/relane.org.mx\/web25\/index.php\/wp-json\/wp\/v2\/pages"}],"about":[{"href":"https:\/\/relane.org.mx\/web25\/index.php\/wp-json\/wp\/v2\/types\/page"}],"author":[{"embeddable":true,"href":"https:\/\/relane.org.mx\/web25\/index.php\/wp-json\/wp\/v2\/users\/1"}],"replies":[{"embeddable":true,"href":"https:\/\/relane.org.mx\/web25\/index.php\/wp-json\/wp\/v2\/comments?post=341"}],"version-history":[{"count":3,"href":"https:\/\/relane.org.mx\/web25\/index.php\/wp-json\/wp\/v2\/pages\/341\/revisions"}],"predecessor-version":[{"id":345,"href":"https:\/\/relane.org.mx\/web25\/index.php\/wp-json\/wp\/v2\/pages\/341\/revisions\/345"}],"wp:attachment":[{"href":"https:\/\/relane.org.mx\/web25\/index.php\/wp-json\/wp\/v2\/media?parent=341"}],"curies":[{"name":"wp","href":"https:\/\/api.w.org\/{rel}","templated":true}]}}