{"id":72,"date":"2025-06-12T17:59:16","date_gmt":"2025-06-12T17:59:16","guid":{"rendered":"https:\/\/relane.org.mx\/web25\/?page_id=72"},"modified":"2025-06-12T18:31:39","modified_gmt":"2025-06-12T18:31:39","slug":"mtro-luis-octavio-rios-silva","status":"publish","type":"page","link":"https:\/\/relane.org.mx\/web25\/index.php\/mtro-luis-octavio-rios-silva\/","title":{"rendered":"Mtro. Luis Octavio R\u00edos Silva"},"content":{"rendered":"\t\t<div data-elementor-type=\"wp-page\" data-elementor-id=\"72\" class=\"elementor elementor-72\">\n\t\t\t\t<div class=\"elementor-element elementor-element-74143246 e-flex e-con-boxed e-con e-parent\" data-id=\"74143246\" data-element_type=\"container\">\n\t\t\t\t\t<div class=\"e-con-inner\">\n\t\t\t\t<div class=\"elementor-element elementor-element-26778fa elementor-widget elementor-widget-text-editor\" data-id=\"26778fa\" data-element_type=\"widget\" data-widget_type=\"text-editor.default\">\n\t\t\t\t<div class=\"elementor-widget-container\">\n\t\t\t\t\t\t\t\t\tTavo\t\t\t\t\t\t\t\t<\/div>\n\t\t\t\t<\/div>\n\t\t\t\t\t<\/div>\n\t\t\t\t<\/div>\n\t\t<div class=\"elementor-element elementor-element-66a21d9 e-flex e-con-boxed e-con e-parent\" data-id=\"66a21d9\" data-element_type=\"container\">\n\t\t\t\t\t<div class=\"e-con-inner\">\n\t\t\t\t<div class=\"elementor-element elementor-element-a006a26 elementor-widget elementor-widget-image\" data-id=\"a006a26\" data-element_type=\"widget\" data-widget_type=\"image.default\">\n\t\t\t\t<div class=\"elementor-widget-container\">\n\t\t\t\t\t\t\t\t\t\t\t\t\t\t\t<img fetchpriority=\"high\" decoding=\"async\" width=\"300\" height=\"297\" src=\"https:\/\/relane.org.mx\/web25\/wp-content\/uploads\/2025\/06\/lrios-300x297.jpg\" class=\"attachment-medium size-medium wp-image-87\" alt=\"\" srcset=\"https:\/\/relane.org.mx\/web25\/wp-content\/uploads\/2025\/06\/lrios-300x297.jpg 300w, https:\/\/relane.org.mx\/web25\/wp-content\/uploads\/2025\/06\/lrios-150x150.jpg 150w, https:\/\/relane.org.mx\/web25\/wp-content\/uploads\/2025\/06\/lrios-768x761.jpg 768w, https:\/\/relane.org.mx\/web25\/wp-content\/uploads\/2025\/06\/lrios.jpg 960w\" sizes=\"(max-width: 300px) 100vw, 300px\" \/>\t\t\t\t\t\t\t\t\t\t\t\t\t\t\t<\/div>\n\t\t\t\t<\/div>\n\t\t\t\t\t<\/div>\n\t\t\t\t<\/div>\n\t\t<div class=\"elementor-element elementor-element-7a02be6 e-flex e-con-boxed e-con e-parent\" data-id=\"7a02be6\" data-element_type=\"container\">\n\t\t\t\t\t<div class=\"e-con-inner\">\n\t\t\t\t<div class=\"elementor-element elementor-element-7e4cc4b elementor-widget elementor-widget-text-editor\" data-id=\"7e4cc4b\" data-element_type=\"widget\" data-widget_type=\"text-editor.default\">\n\t\t\t\t<div class=\"elementor-widget-container\">\n\t\t\t\t\t\t\t\t\t<p><span style=\"font-size: 32px; font-weight: 700;\">\ud83c\udf93 Formaci\u00f3n acad\u00e9mica y rol institucional<\/span><\/p>\n<ul>\n<li>\n<p><strong>Master en Finanzas<\/strong> y <strong>Contador P\u00fablico<\/strong> con formaci\u00f3n comprobable, adscrito a la Universidad de Colima seg\u00fan datos oficiales.<\/p>\n<\/li>\n<li>\n<p>Desde febrero de 2016 es <strong>Profesor Investigador de Tiempo Completo<\/strong> en la Facultad de Contabilidad y Administraci\u00f3n en Manzanillo (FCAM), y desde abril de 2018 fungi\u00f3 como <strong>Director de dicha facultad<\/strong>.<\/p>\n<\/li>\n<\/ul>\n<p><br><\/p>\n<h2>\ud83c\udfdb Trayectoria profesional y vinculaci\u00f3n acad\u00e9mica<\/h2>\n<ul>\n<li>\n<p>Al frente de FCAM, ha consolidado alianzas estrat\u00e9gicas con el <strong>Puerto de Manzanillo (API)<\/strong>, <strong>CIMA Group<\/strong>, y empresas del sector, integrando proyectos que involucran a estudiantes y fortalecen la experiencia profesional.<\/p>\n<\/li>\n<li>\n<p>Impulsor de iniciativas de <strong>emprendimiento<\/strong>, <strong>internacionalizaci\u00f3n<\/strong> y modalidades formativas innovadoras (clases espejo, atenci\u00f3n virtual).<\/p>\n<\/li>\n<\/ul>\n<p><br><\/p>\n<h2>\ud83c\udfaf Logros recientes y actividades destacadas<\/h2>\n<ul>\n<li>\n<p>Durante su gesti\u00f3n, se promovieron:<\/p>\n<ul>\n<li>\n<p>Participaci\u00f3n estudiantil en concursos nacionales (ANFECA) y programas de investigaci\u00f3n (Verano DELF\u00cdN).<\/p>\n<\/li>\n<li>\n<p>Organizaci\u00f3n del <strong>Primer Seminario Latinoamericano de Negocios<\/strong> y del <strong>Primer Coloquio Internacional de Investigaci\u00f3n en las Organizaciones<\/strong>, vinculados a la formaci\u00f3n de RELANE (<a title=\"Mtro. Luis Octavio R\u00edos Silva - Red Latinoamericana de Negocios\" href=\"https:\/\/relane.org.mx\/wp\/?page_id=102&amp;utm_source=chatgpt.com\">relane.org.mx<\/a>).<\/p>\n<\/li>\n<li>\n<p>Gesti\u00f3n de financiamiento para proyectos y becas.<\/p>\n<\/li>\n<li>\n<p>Promoci\u00f3n de la <strong>Responsabilidad Social Universitaria<\/strong> y modernizaci\u00f3n de aulas.<\/p>\n<\/li>\n<\/ul>\n<\/li>\n<\/ul>\n<p><br><\/p>\n<h2>\ud83c\udf10 Investigaci\u00f3n y colaboraci\u00f3n internacional<\/h2>\n<ul>\n<li>\n<p>Colabor\u00f3 con el Dr. Carlos M\u00e9ndez Gonz\u00e1lez y su equipo en investigaci\u00f3n conjunta con la <strong>Universidad de Medell\u00edn<\/strong>, centrada en sistemas de cuantificaci\u00f3n de riesgos financieros y financiamiento de proyectos, con enlace a CONAL y CIMA Group.<\/p>\n<\/li>\n<li>\n<p>Autor en publicaciones como \u201cInvestigaciones en las ciencias econ\u00f3mico\u2011administrativas\u201d y en estudios enfocados en auditor\u00eda fiscal, trabajadores del conocimiento y liderazgo, en colaboraci\u00f3n con colegas como el Dr. S.\u202fI. Ram\u00edrez Cacho .<\/p>\n<\/li>\n<\/ul>\n<p><br><\/p>\t\t\t\t\t\t\t\t<\/div>\n\t\t\t\t<\/div>\n\t\t\t\t\t<\/div>\n\t\t\t\t<\/div>\n\t\t\t\t<\/div>\n\t\t","protected":false},"excerpt":{"rendered":"<p>Tavo \ud83c\udf93 Formaci\u00f3n acad\u00e9mica y rol institucional Master en Finanzas y Contador P\u00fablico con formaci\u00f3n comprobable, adscrito a la Universidad de Colima seg\u00fan datos oficiales. Desde febrero de 2016 es Profesor Investigador de Tiempo Completo en la Facultad de Contabilidad y Administraci\u00f3n en Manzanillo (FCAM), y desde abril de 2018 fungi\u00f3 como Director de dicha&hellip;&nbsp;<a href=\"https:\/\/relane.org.mx\/web25\/index.php\/mtro-luis-octavio-rios-silva\/\" rel=\"bookmark\"><span class=\"screen-reader-text\">Mtro. Luis Octavio R\u00edos Silva<\/span><\/a><\/p>\n","protected":false},"author":1,"featured_media":0,"parent":0,"menu_order":0,"comment_status":"closed","ping_status":"closed","template":"","meta":{"neve_meta_sidebar":"","neve_meta_container":"","neve_meta_enable_content_width":"off","neve_meta_content_width":100,"neve_meta_title_alignment":"","neve_meta_author_avatar":"","neve_post_elements_order":"","neve_meta_disable_header":"","neve_meta_disable_footer":"","neve_meta_disable_title":"","footnotes":""},"class_list":["post-72","page","type-page","status-publish","hentry"],"yoast_head":"<!-- This site is optimized with the Yoast SEO plugin v24.7 - https:\/\/yoast.com\/wordpress\/plugins\/seo\/ -->\n<title>Mtro. Luis Octavio R\u00edos Silva - RELANE 2025<\/title>\n<meta name=\"robots\" content=\"index, follow, max-snippet:-1, max-image-preview:large, max-video-preview:-1\" \/>\n<link rel=\"canonical\" href=\"https:\/\/relane.org.mx\/web25\/index.php\/mtro-luis-octavio-rios-silva\/\" \/>\n<meta property=\"og:locale\" content=\"es_ES\" \/>\n<meta property=\"og:type\" content=\"article\" \/>\n<meta property=\"og:title\" content=\"Mtro. Luis Octavio R\u00edos Silva - RELANE 2025\" \/>\n<meta property=\"og:description\" content=\"Tavo \ud83c\udf93 Formaci\u00f3n acad\u00e9mica y rol institucional Master en Finanzas y Contador P\u00fablico con formaci\u00f3n comprobable, adscrito a la Universidad de Colima seg\u00fan datos oficiales. Desde febrero de 2016 es Profesor Investigador de Tiempo Completo en la Facultad de Contabilidad y Administraci\u00f3n en Manzanillo (FCAM), y desde abril de 2018 fungi\u00f3 como Director de dicha&hellip;&nbsp;Mtro. Luis Octavio R\u00edos Silva\" \/>\n<meta property=\"og:url\" content=\"https:\/\/relane.org.mx\/web25\/index.php\/mtro-luis-octavio-rios-silva\/\" \/>\n<meta property=\"og:site_name\" content=\"RELANE 2025\" \/>\n<meta property=\"article:modified_time\" content=\"2025-06-12T18:31:39+00:00\" \/>\n<meta property=\"og:image\" content=\"https:\/\/relane.org.mx\/web25\/wp-content\/uploads\/2025\/06\/lrios.jpg\" \/>\n\t<meta property=\"og:image:width\" content=\"960\" \/>\n\t<meta property=\"og:image:height\" content=\"951\" \/>\n\t<meta property=\"og:image:type\" content=\"image\/jpeg\" \/>\n<meta name=\"twitter:card\" content=\"summary_large_image\" \/>\n<meta name=\"twitter:label1\" content=\"Tiempo de lectura\" \/>\n\t<meta name=\"twitter:data1\" content=\"2 minutos\" \/>\n<script type=\"application\/ld+json\" class=\"yoast-schema-graph\">{\"@context\":\"https:\/\/schema.org\",\"@graph\":[{\"@type\":\"WebPage\",\"@id\":\"https:\/\/relane.org.mx\/web25\/index.php\/mtro-luis-octavio-rios-silva\/\",\"url\":\"https:\/\/relane.org.mx\/web25\/index.php\/mtro-luis-octavio-rios-silva\/\",\"name\":\"Mtro. Luis Octavio R\u00edos Silva - RELANE 2025\",\"isPartOf\":{\"@id\":\"https:\/\/relane.org.mx\/web25\/#website\"},\"primaryImageOfPage\":{\"@id\":\"https:\/\/relane.org.mx\/web25\/index.php\/mtro-luis-octavio-rios-silva\/#primaryimage\"},\"image\":{\"@id\":\"https:\/\/relane.org.mx\/web25\/index.php\/mtro-luis-octavio-rios-silva\/#primaryimage\"},\"thumbnailUrl\":\"https:\/\/relane.org.mx\/web25\/wp-content\/uploads\/2025\/06\/lrios-300x297.jpg\",\"datePublished\":\"2025-06-12T17:59:16+00:00\",\"dateModified\":\"2025-06-12T18:31:39+00:00\",\"breadcrumb\":{\"@id\":\"https:\/\/relane.org.mx\/web25\/index.php\/mtro-luis-octavio-rios-silva\/#breadcrumb\"},\"inLanguage\":\"es\",\"potentialAction\":[{\"@type\":\"ReadAction\",\"target\":[\"https:\/\/relane.org.mx\/web25\/index.php\/mtro-luis-octavio-rios-silva\/\"]}]},{\"@type\":\"ImageObject\",\"inLanguage\":\"es\",\"@id\":\"https:\/\/relane.org.mx\/web25\/index.php\/mtro-luis-octavio-rios-silva\/#primaryimage\",\"url\":\"https:\/\/relane.org.mx\/web25\/wp-content\/uploads\/2025\/06\/lrios.jpg\",\"contentUrl\":\"https:\/\/relane.org.mx\/web25\/wp-content\/uploads\/2025\/06\/lrios.jpg\",\"width\":960,\"height\":951},{\"@type\":\"BreadcrumbList\",\"@id\":\"https:\/\/relane.org.mx\/web25\/index.php\/mtro-luis-octavio-rios-silva\/#breadcrumb\",\"itemListElement\":[{\"@type\":\"ListItem\",\"position\":1,\"name\":\"Portada\",\"item\":\"https:\/\/relane.org.mx\/web25\/\"},{\"@type\":\"ListItem\",\"position\":2,\"name\":\"Mtro. Luis Octavio R\u00edos Silva\"}]},{\"@type\":\"WebSite\",\"@id\":\"https:\/\/relane.org.mx\/web25\/#website\",\"url\":\"https:\/\/relane.org.mx\/web25\/\",\"name\":\"RELANE 2025\",\"description\":\"\",\"potentialAction\":[{\"@type\":\"SearchAction\",\"target\":{\"@type\":\"EntryPoint\",\"urlTemplate\":\"https:\/\/relane.org.mx\/web25\/?s={search_term_string}\"},\"query-input\":{\"@type\":\"PropertyValueSpecification\",\"valueRequired\":true,\"valueName\":\"search_term_string\"}}],\"inLanguage\":\"es\"}]}<\/script>\n<!-- \/ Yoast SEO plugin. -->","yoast_head_json":{"title":"Mtro. Luis Octavio R\u00edos Silva - RELANE 2025","robots":{"index":"index","follow":"follow","max-snippet":"max-snippet:-1","max-image-preview":"max-image-preview:large","max-video-preview":"max-video-preview:-1"},"canonical":"https:\/\/relane.org.mx\/web25\/index.php\/mtro-luis-octavio-rios-silva\/","og_locale":"es_ES","og_type":"article","og_title":"Mtro. Luis Octavio R\u00edos Silva - RELANE 2025","og_description":"Tavo \ud83c\udf93 Formaci\u00f3n acad\u00e9mica y rol institucional Master en Finanzas y Contador P\u00fablico con formaci\u00f3n comprobable, adscrito a la Universidad de Colima seg\u00fan datos oficiales. Desde febrero de 2016 es Profesor Investigador de Tiempo Completo en la Facultad de Contabilidad y Administraci\u00f3n en Manzanillo (FCAM), y desde abril de 2018 fungi\u00f3 como Director de dicha&hellip;&nbsp;Mtro. Luis Octavio R\u00edos Silva","og_url":"https:\/\/relane.org.mx\/web25\/index.php\/mtro-luis-octavio-rios-silva\/","og_site_name":"RELANE 2025","article_modified_time":"2025-06-12T18:31:39+00:00","og_image":[{"width":960,"height":951,"url":"https:\/\/relane.org.mx\/web25\/wp-content\/uploads\/2025\/06\/lrios.jpg","type":"image\/jpeg"}],"twitter_card":"summary_large_image","twitter_misc":{"Tiempo de lectura":"2 minutos"},"schema":{"@context":"https:\/\/schema.org","@graph":[{"@type":"WebPage","@id":"https:\/\/relane.org.mx\/web25\/index.php\/mtro-luis-octavio-rios-silva\/","url":"https:\/\/relane.org.mx\/web25\/index.php\/mtro-luis-octavio-rios-silva\/","name":"Mtro. Luis Octavio R\u00edos Silva - RELANE 2025","isPartOf":{"@id":"https:\/\/relane.org.mx\/web25\/#website"},"primaryImageOfPage":{"@id":"https:\/\/relane.org.mx\/web25\/index.php\/mtro-luis-octavio-rios-silva\/#primaryimage"},"image":{"@id":"https:\/\/relane.org.mx\/web25\/index.php\/mtro-luis-octavio-rios-silva\/#primaryimage"},"thumbnailUrl":"https:\/\/relane.org.mx\/web25\/wp-content\/uploads\/2025\/06\/lrios-300x297.jpg","datePublished":"2025-06-12T17:59:16+00:00","dateModified":"2025-06-12T18:31:39+00:00","breadcrumb":{"@id":"https:\/\/relane.org.mx\/web25\/index.php\/mtro-luis-octavio-rios-silva\/#breadcrumb"},"inLanguage":"es","potentialAction":[{"@type":"ReadAction","target":["https:\/\/relane.org.mx\/web25\/index.php\/mtro-luis-octavio-rios-silva\/"]}]},{"@type":"ImageObject","inLanguage":"es","@id":"https:\/\/relane.org.mx\/web25\/index.php\/mtro-luis-octavio-rios-silva\/#primaryimage","url":"https:\/\/relane.org.mx\/web25\/wp-content\/uploads\/2025\/06\/lrios.jpg","contentUrl":"https:\/\/relane.org.mx\/web25\/wp-content\/uploads\/2025\/06\/lrios.jpg","width":960,"height":951},{"@type":"BreadcrumbList","@id":"https:\/\/relane.org.mx\/web25\/index.php\/mtro-luis-octavio-rios-silva\/#breadcrumb","itemListElement":[{"@type":"ListItem","position":1,"name":"Portada","item":"https:\/\/relane.org.mx\/web25\/"},{"@type":"ListItem","position":2,"name":"Mtro. Luis Octavio R\u00edos Silva"}]},{"@type":"WebSite","@id":"https:\/\/relane.org.mx\/web25\/#website","url":"https:\/\/relane.org.mx\/web25\/","name":"RELANE 2025","description":"","potentialAction":[{"@type":"SearchAction","target":{"@type":"EntryPoint","urlTemplate":"https:\/\/relane.org.mx\/web25\/?s={search_term_string}"},"query-input":{"@type":"PropertyValueSpecification","valueRequired":true,"valueName":"search_term_string"}}],"inLanguage":"es"}]}},"_links":{"self":[{"href":"https:\/\/relane.org.mx\/web25\/index.php\/wp-json\/wp\/v2\/pages\/72","targetHints":{"allow":["GET"]}}],"collection":[{"href":"https:\/\/relane.org.mx\/web25\/index.php\/wp-json\/wp\/v2\/pages"}],"about":[{"href":"https:\/\/relane.org.mx\/web25\/index.php\/wp-json\/wp\/v2\/types\/page"}],"author":[{"embeddable":true,"href":"https:\/\/relane.org.mx\/web25\/index.php\/wp-json\/wp\/v2\/users\/1"}],"replies":[{"embeddable":true,"href":"https:\/\/relane.org.mx\/web25\/index.php\/wp-json\/wp\/v2\/comments?post=72"}],"version-history":[{"count":7,"href":"https:\/\/relane.org.mx\/web25\/index.php\/wp-json\/wp\/v2\/pages\/72\/revisions"}],"predecessor-version":[{"id":104,"href":"https:\/\/relane.org.mx\/web25\/index.php\/wp-json\/wp\/v2\/pages\/72\/revisions\/104"}],"wp:attachment":[{"href":"https:\/\/relane.org.mx\/web25\/index.php\/wp-json\/wp\/v2\/media?parent=72"}],"curies":[{"name":"wp","href":"https:\/\/api.w.org\/{rel}","templated":true}]}}